{"id":596,"date":"2024-04-26T08:21:51","date_gmt":"2024-04-26T08:21:51","guid":{"rendered":"https:\/\/lapaz.bo\/turismo\/?page_id=596"},"modified":"2025-09-24T15:49:06","modified_gmt":"2025-09-24T13:49:06","slug":"recomendaciones","status":"publish","type":"page","link":"https:\/\/lapaz.bo\/turismo\/recomendaciones\/","title":{"rendered":"Recomendaciones"},"content":{"rendered":"\t\t<div data-elementor-type=\"wp-post\" data-elementor-id=\"596\" class=\"elementor elementor-596\" data-elementor-settings=\"{&quot;ha_cmc_init_switcher&quot;:&quot;no&quot;}\">\n\t\t\t\t<div data-particle_enable=\"false\" data-particle-mobile-disabled=\"false\" class=\"elementor-element elementor-element-bffb1e2 e-flex e-con-boxed e-con e-parent\" data-id=\"bffb1e2\" data-element_type=\"container\" data-settings=\"{&quot;background_background&quot;:&quot;classic&quot;,&quot;_ha_eqh_enable&quot;:false}\">\n\t\t\t\t\t<div class=\"e-con-inner\">\n\t\t<div data-particle_enable=\"false\" data-particle-mobile-disabled=\"false\" class=\"elementor-element elementor-element-e59ff4f e-flex e-con-boxed e-con e-child\" data-id=\"e59ff4f\" data-element_type=\"container\" data-settings=\"{&quot;_ha_eqh_enable&quot;:false}\">\n\t\t\t\t\t<div class=\"e-con-inner\">\n\t\t\t\t<div class=\"elementor-element elementor-element-6b73cb2 elementor-widget elementor-widget-heading\" data-id=\"6b73cb2\" data-element_type=\"widget\" data-widget_type=\"heading.default\">\n\t\t\t\t\t<h2 class=\"elementor-heading-title elementor-size-default\">Recomendaciones<\/h2>\t\t\t\t<\/div>\n\t\t\t\t\t<\/div>\n\t\t\t\t<\/div>\n\t\t<div data-particle_enable=\"false\" data-particle-mobile-disabled=\"false\" class=\"elementor-element elementor-element-326ec8b e-flex e-con-boxed e-con e-child\" data-id=\"326ec8b\" data-element_type=\"container\" data-settings=\"{&quot;_ha_eqh_enable&quot;:false}\">\n\t\t\t\t\t<div class=\"e-con-inner\">\n\t\t<div data-particle_enable=\"false\" data-particle-mobile-disabled=\"false\" class=\"elementor-element elementor-element-c5075e1 e-con-full e-flex e-con e-child\" data-id=\"c5075e1\" data-element_type=\"container\" data-settings=\"{&quot;_ha_eqh_enable&quot;:false}\">\n\t\t\t\t<div class=\"elementor-element elementor-element-6ad58a7 elementor-widget elementor-widget-ucaddon_timeline_bullets\" data-id=\"6ad58a7\" data-element_type=\"widget\" data-widget_type=\"ucaddon_timeline_bullets.default\">\n\t\t\t\t<div class=\"elementor-widget-container\">\n\t\t\t\t\t\n<!-- start Timeline Bullets -->\n\t\t<link id='font-awesome-css' href='https:\/\/lapaz.bo\/turismo\/wp-content\/plugins\/unlimited-elements-for-elementor-premium\/assets_libraries\/font-awesome6\/fontawesome-all.min.css' type='text\/css' rel='stylesheet' >\n\t\t<link id='font-awesome-4-shim-css' href='https:\/\/lapaz.bo\/turismo\/wp-content\/plugins\/unlimited-elements-for-elementor-premium\/assets_libraries\/font-awesome6\/fontawesome-v4-shims.min.css' type='text\/css' rel='stylesheet' >\n\n<style>\/* widget: Timeline Bullets *\/\n\n\r\n@keyframes uc_timeline_bullets_elementor_6ad58a7__item-animation {\r\n  0% {\r\n            transform: translateX(-100px);\r\n        \t\r\n    \t    opacity: 0;\r\n  }\r\n  100% {\r\n            transform: translateX(0px);\r\n        \t\r\n    \t\topacity: 1;\r\n  }\r\n}\r\n\r\n\r\n#uc_timeline_bullets_elementor_6ad58a7 .ue_item{\r\n\topacity:0;\r\n}\r\n\r\n\r\n#uc_timeline_bullets_elementor_6ad58a7 .uc-entrance-animate {\r\n  opacity:1;\r\n}\r\n\r\n#uc_timeline_bullets_elementor_6ad58a7 .uc-entrance-animate {\r\n\tanimation: uc_timeline_bullets_elementor_6ad58a7__item-animation 0.6s cubic-bezier(0.470, 0.000, 0.745, 0.715) both;\r\n}\r\n\r\n\t\t\t\n\n#uc_timeline_bullets_elementor_6ad58a7 .ue_item{\n  display:flex;\n  position:relative;\n}\n\n#uc_timeline_bullets_elementor_6ad58a7 .ue_item_icon{ \n  display:flex;\n  align-items:center;\n  justify-content:center;\n  flex-grow:0;\n  flex-shrink:0;\n  line-height:1em;\n  overflow:hidden;\n}\n\n#uc_timeline_bullets_elementor_6ad58a7 .ue_item_icon img{\n  object-fit: cover;\n}\n\n#uc_timeline_bullets_elementor_6ad58a7 .ue_item_icon svg{ \n  height:1em;\n  width:1em;\n}\n\n#uc_timeline_bullets_elementor_6ad58a7 .ue_item_spacer{\n  flex-grow:0;\n  flex-shrink:0;\n}\n\n#uc_timeline_bullets_elementor_6ad58a7 .ue_item_hr_line{\n  flex-grow:0;\n  flex-shrink:0;\n}\n\n#uc_timeline_bullets_elementor_6ad58a7 .ue_item_vr_line{\n  height:100%;\n  position:absolute;\n  flex-grow:0;\n  flex-shrink:0;\n}\n\n#uc_timeline_bullets_elementor_6ad58a7 .ue_item_title, \n#uc_timeline_bullets_elementor_6ad58a7 .ue_item_text,\n#uc_timeline_bullets_elementor_6ad58a7 .ue_item_icon{\n  transition: all .3s ease-out;\n}\n\n.ue_item_title{\n  font-size:21px;\n}\n\n#uc_timeline_bullets_elementor_6ad58a7.uc-remote-parent .ue_item{\n  cursor:pointer;\n}\n\n<\/style>\n\n<div id=\"uc_timeline_bullets_elementor_6ad58a7\" class=\"uc-items-wrapper  \"   role=\"list\">\n  <div class=\"ue_item elementor-repeater-item-5928d5e\" role=\"listitem\" tabindex=\"0\">\n  <div class=\"ue_item_vr_line\"><\/div>\n  <div class=\"ue_item_hr_line\"><\/div>\n  <div class=\"ue_item_icon\">\n    <i class='huge huge-security'><\/i>          <\/div>\n  <div class=\"ue_item_spacer\"><\/div>\n  <div class=\"ue_item_content\">\n    <div class=\"ue_item_title\">Recomendaciones de Seguridad<\/div>    <div class=\"ue_item_text\"><ul style=\"text-align:justify;\">\n<li>La Paz es una de las ciudades m\u00e1s pobladas de Bolivia, por lo tanto por su seguridad debe tomar transporte de lugares seguros y no debe subir a taxis que ya lleven pasajeros.\n <\/li>\n<li> Est\u00e9 atento y observe a su alrededor en lugares que no tengan seguridad visible, si usted ve alg\u00fan inconveniente, busque un polic\u00eda (los puede identificar por el uniforme verde olivo).<\/li>\n<li> Trate de no manejar montos altos de dinero por las calles, lleve consigo lo necesario o una tarjeta de cr\u00e9dito a mano (nunca revele sus contrase\u00f1as).<\/li>\n<li>No acepte objetos de personas extra\u00f1as. <\/li>\n<li> Tenga todos los n\u00fameros de emergencia a mano.<\/li>\n<li>No descuide nunca su equipaje, ponga mucha atenci\u00f3n en las calles, terminales de buses y en el aeropuerto. <\/li>\n<li> No preste atenci\u00f3n si alguien le dice que tiene la ropa manchada<\/li>\n\n<\/div>  <\/div>\n<\/div>\n<div class=\"ue_item elementor-repeater-item-9b5cd14\" role=\"listitem\" tabindex=\"0\">\n  <div class=\"ue_item_vr_line\"><\/div>\n  <div class=\"ue_item_hr_line\"><\/div>\n  <div class=\"ue_item_icon\">\n    <i class='fas fa-mountain'><\/i>          <\/div>\n  <div class=\"ue_item_spacer\"><\/div>\n  <div class=\"ue_item_content\">\n    <div class=\"ue_item_title\">Recomendaciones Altura<\/div>    <div class=\"ue_item_text\"><ul  style=\"text-align:justify;\">\n<li>La ciudad de La Paz est\u00e1 situada a 3.600 metros sobre el nivel del mar, es por eso que si siente alg\u00fan malestar por la altura, debe tomar abundante agua, beber un mate de coca o tomar pastillas para el mal de altura (previa consulta con su m\u00e9dico).<\/li>\n<li>Los primeros d\u00edas en la altura, intente no realizar grandes esfuerzos f\u00edsicos.<\/li>\n<li>Descanse lo suficiente.<\/li>\n<li>Alim\u00e9ntese adecuadamente, evite consumir sal para no deshidratarse.<\/li>\n<li>Acuda a un m\u00e9dico si reconoce tener s\u00edntomas que afecten su salud.<\/li>\n<\/ul>\n\t\n<\/div>  <\/div>\n<\/div>\n<div class=\"ue_item elementor-repeater-item-017f138\" role=\"listitem\" tabindex=\"0\">\n  <div class=\"ue_item_vr_line\"><\/div>\n  <div class=\"ue_item_hr_line\"><\/div>\n  <div class=\"ue_item_icon\">\n    <i class='fas fa-memory'><\/i>          <\/div>\n  <div class=\"ue_item_spacer\"><\/div>\n  <div class=\"ue_item_content\">\n    <div class=\"ue_item_title\">Artesan\u00eda consciente<\/div>    <div class=\"ue_item_text\"><p  style=\"text-align:justify;\">El lugar ideal para comprar souvenirs en la ciudad de La Paz es el Mercado de Artesanos, justo en inmediaciones del, mundialmente conocido, \u201cMercado de las brujas\u201d (Calle Sag\u00e1rnaga y adyacentes, ofrecen productos hechos con mano de obra 100% boliviana. <br><br>\nLos trabajos artesanales son originales, innovadores e incluso personalizados, entre ellos gatos, llamas, ranas talladas en madera y pintados con colores brillantes; prendas de vestir con fin\u00edsimas fibras de alpaca hechas por aymaras, quechuas, guaran\u00edes y mollos, entre otros, producidas con t\u00e9cnicas tradicionales y materiales naturales; joyer\u00eda en plata resaltando piedras semipreciosas como \u201cla bolivianita\u201d; bolsas ecol\u00f3gicas con motivos de la cultura boliviana, hechas en bayeta de la tierra, un tipo de tela cuya fabricaci\u00f3n viene de la \u00e9poca colonial, es una fusi\u00f3n de tradiciones artesanales incaicas con t\u00e9cnicas de producci\u00f3n espa\u00f1olas; tambi\u00e9n vinos, licores, destilados, sales de ba\u00f1o, alimentos, antig\u00fcedades y accesorios son parte de la variada mercader\u00eda. En este mercado no solamente es posible adquirir artesan\u00eda de primera calidad, sino tambi\u00e9n apreciar el proceso de cada objeto, tomar un caf\u00e9 boliviano, degustar una deliciosa tucuquinua y mucho m\u00e1s.\n<\/p><\/div>  <\/div>\n<\/div>\n\n<\/div>\n<!-- end Timeline Bullets -->\t\t\t\t<\/div>\n\t\t\t\t<\/div>\n\t\t\t\t<\/div>\n\t\t\t\t\t<\/div>\n\t\t\t\t<\/div>\n\t\t\t\t\t<\/div>\n\t\t\t\t<\/div>\n\t\t\t\t<\/div>\n\t\t","protected":false},"excerpt":{"rendered":"<p>Recomendaciones Recomendaciones de Seguridad La Paz es una de las ciudades m\u00e1s pobladas de Bolivia, por lo tanto por su seguridad debe tomar transporte de lugares seguros y no debe subir a taxis que ya lleven pasajeros. Est\u00e9 atento y observe a su alrededor en lugares que no tengan seguridad visible, si usted ve alg\u00fan [&hellip;]<\/p>\n","protected":false},"author":1,"featured_media":604,"parent":0,"menu_order":0,"comment_status":"closed","ping_status":"closed","template":"","meta":{"site-sidebar-layout":"no-sidebar","site-content-layout":"page-builder","ast-site-content-layout":"full-width-container","site-content-style":"default","site-sidebar-style":"default","ast-global-header-display":"","ast-banner-title-visibility":"","ast-main-header-display":"","ast-hfb-above-header-display":"","ast-hfb-below-header-display":"","ast-hfb-mobile-header-display":"","site-post-title":"disabled","ast-breadcrumbs-content":"","ast-featured-img":"disabled","footer-sml-layout":"","ast-disable-related-posts":"","theme-transparent-header-meta":"","adv-header-id-meta":"","stick-header-meta":"","header-above-stick-meta":"","header-main-stick-meta":"","header-below-stick-meta":"","astra-migrate-meta-layouts":"set","ast-page-background-enabled":"default","ast-page-background-meta":{"desktop":{"background-color":"var(--ast-global-color-4)","background-image":"","background-repeat":"repeat","background-position":"center center","background-size":"auto","background-attachment":"scroll","background-type":"","background-media":"","overlay-type":"","overlay-color":"","overlay-opacity":"","overlay-gradient":""},"tablet":{"background-color":"","background-image":"","background-repeat":"repeat","background-position":"center center","background-size":"auto","background-attachment":"scroll","background-type":"","background-media":"","overlay-type":"","overlay-color":"","overlay-opacity":"","overlay-gradient":""},"mobile":{"background-color":"","background-image":"","background-repeat":"repeat","background-position":"center center","background-size":"auto","background-attachment":"scroll","background-type":"","background-media":"","overlay-type":"","overlay-color":"","overlay-opacity":"","overlay-gradient":""}},"ast-content-background-meta":{"desktop":{"background-color":"var(--ast-global-color-5)","background-image":"","background-repeat":"repeat","background-position":"center center","background-size":"auto","background-attachment":"scroll","background-type":"","background-media":"","overlay-type":"","overlay-color":"","overlay-opacity":"","overlay-gradient":""},"tablet":{"background-color":"var(--ast-global-color-5)","background-image":"","background-repeat":"repeat","background-position":"center center","background-size":"auto","background-attachment":"scroll","background-type":"","background-media":"","overlay-type":"","overlay-color":"","overlay-opacity":"","overlay-gradient":""},"mobile":{"background-color":"var(--ast-global-color-5)","background-image":"","background-repeat":"repeat","background-position":"center center","background-size":"auto","background-attachment":"scroll","background-type":"","background-media":"","overlay-type":"","overlay-color":"","overlay-opacity":"","overlay-gradient":""}},"footnotes":""},"class_list":["post-596","page","type-page","status-publish","has-post-thumbnail","hentry"],"_links":{"self":[{"href":"https:\/\/lapaz.bo\/turismo\/wp-json\/wp\/v2\/pages\/596","targetHints":{"allow":["GET"]}}],"collection":[{"href":"https:\/\/lapaz.bo\/turismo\/wp-json\/wp\/v2\/pages"}],"about":[{"href":"https:\/\/lapaz.bo\/turismo\/wp-json\/wp\/v2\/types\/page"}],"author":[{"embeddable":true,"href":"https:\/\/lapaz.bo\/turismo\/wp-json\/wp\/v2\/users\/1"}],"replies":[{"embeddable":true,"href":"https:\/\/lapaz.bo\/turismo\/wp-json\/wp\/v2\/comments?post=596"}],"version-history":[{"count":25,"href":"https:\/\/lapaz.bo\/turismo\/wp-json\/wp\/v2\/pages\/596\/revisions"}],"predecessor-version":[{"id":628,"href":"https:\/\/lapaz.bo\/turismo\/wp-json\/wp\/v2\/pages\/596\/revisions\/628"}],"wp:featuredmedia":[{"embeddable":true,"href":"https:\/\/lapaz.bo\/turismo\/wp-json\/wp\/v2\/media\/604"}],"wp:attachment":[{"href":"https:\/\/lapaz.bo\/turismo\/wp-json\/wp\/v2\/media?parent=596"}],"curies":[{"name":"wp","href":"https:\/\/api.w.org\/{rel}","templated":true}]}}