{"id":2154,"date":"2026-02-26T20:36:03","date_gmt":"2026-02-26T19:36:03","guid":{"rendered":"https:\/\/lapaz.bo\/turismo\/?page_id=2154"},"modified":"2026-02-26T20:46:01","modified_gmt":"2026-02-26T19:46:01","slug":"mallasa-bioparque-vesty-pakos","status":"publish","type":"page","link":"https:\/\/lapaz.bo\/turismo\/mallasa-bioparque-vesty-pakos\/","title":{"rendered":"MALLASA BIOPARQUE VESTY PAKOS"},"content":{"rendered":"\t\t<div data-elementor-type=\"wp-page\" data-elementor-id=\"2154\" class=\"elementor elementor-2154\" data-elementor-settings=\"{&quot;ha_cmc_init_switcher&quot;:&quot;no&quot;}\">\n\t\t\t\t<div data-particle_enable=\"false\" data-particle-mobile-disabled=\"false\" class=\"elementor-element elementor-element-574dbff e-flex e-con-boxed e-con e-parent\" data-id=\"574dbff\" data-element_type=\"container\" data-settings=\"{&quot;_ha_eqh_enable&quot;:false}\">\n\t\t\t\t\t<div class=\"e-con-inner\">\n\t\t\t\t<div class=\"elementor-element elementor-element-317764c elementor-widget elementor-widget-image\" data-id=\"317764c\" data-element_type=\"widget\" data-widget_type=\"image.default\">\n\t\t\t\t\t\t\t\t\t\t\t\t\t\t\t<img fetchpriority=\"high\" decoding=\"async\" width=\"1677\" height=\"347\" src=\"https:\/\/lapaz.bo\/turismo\/wp-content\/uploads\/2026\/02\/CENTRO-BASILICA.png\" class=\"attachment-full size-full wp-image-1249\" alt=\"\" srcset=\"https:\/\/lapaz.bo\/turismo\/wp-content\/uploads\/2026\/02\/CENTRO-BASILICA.png 1677w, https:\/\/lapaz.bo\/turismo\/wp-content\/uploads\/2026\/02\/CENTRO-BASILICA-300x62.png 300w, https:\/\/lapaz.bo\/turismo\/wp-content\/uploads\/2026\/02\/CENTRO-BASILICA-1024x212.png 1024w, https:\/\/lapaz.bo\/turismo\/wp-content\/uploads\/2026\/02\/CENTRO-BASILICA-768x159.png 768w, https:\/\/lapaz.bo\/turismo\/wp-content\/uploads\/2026\/02\/CENTRO-BASILICA-1536x318.png 1536w\" sizes=\"(max-width: 1677px) 100vw, 1677px\" \/>\t\t\t\t\t\t\t\t\t\t\t\t\t\t\t<\/div>\n\t\t\t\t\t<\/div>\n\t\t\t\t<\/div>\n\t\t<div data-particle_enable=\"false\" data-particle-mobile-disabled=\"false\" class=\"elementor-element elementor-element-05b172b e-flex e-con-boxed e-con e-parent\" data-id=\"05b172b\" data-element_type=\"container\" data-settings=\"{&quot;_ha_eqh_enable&quot;:false}\">\n\t\t\t\t\t<div class=\"e-con-inner\">\n\t\t<div data-particle_enable=\"false\" data-particle-mobile-disabled=\"false\" class=\"elementor-element elementor-element-06b028d e-con-full e-flex e-con e-child\" data-id=\"06b028d\" data-element_type=\"container\" data-settings=\"{&quot;_ha_eqh_enable&quot;:false}\">\n\t\t\t\t<div class=\"elementor-element elementor-element-9f03f33 elementor-widget elementor-widget-ha-slider happy-addon ha-slider\" data-id=\"9f03f33\" data-element_type=\"widget\" data-settings=\"{&quot;animation_speed&quot;:300,&quot;autoplay&quot;:&quot;yes&quot;,&quot;autoplay_speed&quot;:3000,&quot;loop&quot;:&quot;yes&quot;,&quot;slides_transition&quot;:&quot;slide&quot;,&quot;navigation&quot;:&quot;arrow&quot;}\" data-widget_type=\"ha-slider.default\">\n\t\t\t\t\t\n\t\t<div class=\"hajs-slick ha-slick ha-slick--slider\">\n\n\t\t\t\n\t\t\t\t<div class=\"ha-slick-slide slick-slide\">\n\t\t\t\t\t<div class=\"ha-slick-item\">\n\t\t\t\t\t\t\t\t\t\t\t\t\t<img decoding=\"async\" class=\"ha-slick-img\" src=\"https:\/\/lapaz.bo\/turismo\/wp-content\/plugins\/elementor\/assets\/images\/placeholder.png\" alt=\"\">\n\t\t\t\t\t\t\n\t\t\t\t\t\t\t\t\t\t\t<\/div>\n\t\t\t\t<\/div>\n\n\t\t\t\n\t\t\t\t<div class=\"ha-slick-slide slick-slide\">\n\t\t\t\t\t<div class=\"ha-slick-item\">\n\t\t\t\t\t\t\t\t\t\t\t\t\t<img decoding=\"async\" class=\"ha-slick-img\" src=\"https:\/\/lapaz.bo\/turismo\/wp-content\/plugins\/elementor\/assets\/images\/placeholder.png\" alt=\"\">\n\t\t\t\t\t\t\n\t\t\t\t\t\t\t\t\t\t\t<\/div>\n\t\t\t\t<\/div>\n\n\t\t\t\n\t\t\t\t<div class=\"ha-slick-slide slick-slide\">\n\t\t\t\t\t<div class=\"ha-slick-item\">\n\t\t\t\t\t\t\t\t\t\t\t\t\t<img decoding=\"async\" class=\"ha-slick-img\" src=\"https:\/\/lapaz.bo\/turismo\/wp-content\/plugins\/elementor\/assets\/images\/placeholder.png\" alt=\"\">\n\t\t\t\t\t\t\n\t\t\t\t\t\t\t\t\t\t\t<\/div>\n\t\t\t\t<\/div>\n\n\t\t\t\n\t\t\t\t<div class=\"ha-slick-slide slick-slide\">\n\t\t\t\t\t<div class=\"ha-slick-item\">\n\t\t\t\t\t\t\t\t\t\t\t\t\t<img decoding=\"async\" class=\"ha-slick-img\" src=\"https:\/\/lapaz.bo\/turismo\/wp-content\/plugins\/elementor\/assets\/images\/placeholder.png\" alt=\"\">\n\t\t\t\t\t\t\n\t\t\t\t\t\t\t\t\t\t\t<\/div>\n\t\t\t\t<\/div>\n\n\t\t\t\n\t\t\t\t<div class=\"ha-slick-slide slick-slide\">\n\t\t\t\t\t<div class=\"ha-slick-item\">\n\t\t\t\t\t\t\t\t\t\t\t\t\t<img decoding=\"async\" class=\"ha-slick-img\" src=\"https:\/\/lapaz.bo\/turismo\/wp-content\/plugins\/elementor\/assets\/images\/placeholder.png\" alt=\"\">\n\t\t\t\t\t\t\n\t\t\t\t\t\t\t\t\t\t\t<\/div>\n\t\t\t\t<\/div>\n\n\t\t\t\n\t\t<\/div>\n\n\t\t\t\t\t<button type=\"button\" class=\"slick-prev\"><svg aria-hidden=\"true\" class=\"e-font-icon-svg e-fas-chevron-left\" viewBox=\"0 0 320 512\" xmlns=\"http:\/\/www.w3.org\/2000\/svg\"><path d=\"M34.52 239.03L228.87 44.69c9.37-9.37 24.57-9.37 33.94 0l22.67 22.67c9.36 9.36 9.37 24.52.04 33.9L131.49 256l154.02 154.75c9.34 9.38 9.32 24.54-.04 33.9l-22.67 22.67c-9.37 9.37-24.57 9.37-33.94 0L34.52 272.97c-9.37-9.37-9.37-24.57 0-33.94z\"><\/path><\/svg><\/button>\n\t\t\n\t\t\t\t\t<button type=\"button\" class=\"slick-next\"><svg aria-hidden=\"true\" class=\"e-font-icon-svg e-fas-chevron-right\" viewBox=\"0 0 320 512\" xmlns=\"http:\/\/www.w3.org\/2000\/svg\"><path d=\"M285.476 272.971L91.132 467.314c-9.373 9.373-24.569 9.373-33.941 0l-22.667-22.667c-9.357-9.357-9.375-24.522-.04-33.901L188.505 256 34.484 101.255c-9.335-9.379-9.317-24.544.04-33.901l22.667-22.667c9.373-9.373 24.569-9.373 33.941 0L285.475 239.03c9.373 9.372 9.373 24.568.001 33.941z\"><\/path><\/svg><\/button>\n\t\t\n\t\t\t\t\t\t<\/div>\n\t\t\t\t<\/div>\n\t\t<div data-particle_enable=\"false\" data-particle-mobile-disabled=\"false\" class=\"elementor-element elementor-element-1df5930 e-con-full e-flex e-con e-child\" data-id=\"1df5930\" data-element_type=\"container\" data-settings=\"{&quot;_ha_eqh_enable&quot;:false}\">\n\t\t\t\t<div class=\"elementor-element elementor-element-ee32acd elementor-widget elementor-widget-heading\" data-id=\"ee32acd\" data-element_type=\"widget\" data-widget_type=\"heading.default\">\n\t\t\t\t\t<h2 class=\"elementor-heading-title elementor-size-default\">DESCRIPCI\u00d3N<\/h2>\t\t\t\t<\/div>\n\t\t\t\t<div class=\"elementor-element elementor-element-d8c3985 elementor-widget elementor-widget-text-editor\" data-id=\"d8c3985\" data-element_type=\"widget\" data-widget_type=\"text-editor.default\">\n\t\t\t\t\t\t\t\t\t<p class=\"zfr3Q CDt4Ke \" dir=\"ltr\"><span class=\"C9DxTc \">El 21 de septiembre de 1993 se fund\u00f3 el Zool\u00f3gico Municipal Vesty Pakos en conmemoraci\u00f3n del herpet\u00f3logo austriaco Silvestre Pakos Sofro (1946 &#8211; 1993), que hasta entonces operaba en el Parque de los Monos en el centro de La Paz.<\/span><\/p><p class=\"zfr3Q CDt4Ke \" dir=\"ltr\"><span class=\"C9DxTc \">Este bioparque de La Paz es una instituci\u00f3n sin fines de lucro que tiene como objetivo promover la conservaci\u00f3n, educaci\u00f3n y recreaci\u00f3n relacionadas con la biodiversidad de la fauna regional y nacional. Se ha convertido en un centro de referencia tanto a nivel nacional como internacional, especializado en la fauna andina. Su principal misi\u00f3n es transmitir la importancia de conservar la biodiversidad de la fauna y flora nacionales, al mismo tiempo que promueve los valores culturales y lleva a cabo programas de conservaci\u00f3n de la fauna en cautiverio.<\/span><\/p><p class=\"zfr3Q CDt4Ke \" dir=\"ltr\"><span class=\"C9DxTc \">El Zool\u00f3gico alberga a diversas especies silvestres en recintos dise\u00f1ados para recrear sus h\u00e1bitats naturales. Este enfoque tiene como prop\u00f3sito sensibilizar, concientizar y educar al p\u00fablico sobre los problemas relacionados con el tr\u00e1fico, la tenencia ilegal y la comercializaci\u00f3n de fauna silvestre. Adem\u00e1s, el parque se dedica a programas de conservaci\u00f3n, rehabilitaci\u00f3n, reintegraci\u00f3n y liberaci\u00f3n de animales en sus h\u00e1bitats naturales.<\/span><\/p><p class=\"zfr3Q CDt4Ke \" dir=\"ltr\"><span class=\"C9DxTc \">El Bioparque Municipal Vesty Pakos ofrece a los visitantes un paseo agradable y ordenado, brindando amplios espacios para que las familias disfruten de su tiempo de recreo.<\/span><\/p>\t\t\t\t\t\t\t\t<\/div>\n\t\t\t\t<\/div>\n\t\t\t\t\t<\/div>\n\t\t\t\t<\/div>\n\t\t<div data-particle_enable=\"false\" data-particle-mobile-disabled=\"false\" class=\"elementor-element elementor-element-bbf3e7e e-flex e-con-boxed e-con e-parent\" data-id=\"bbf3e7e\" data-element_type=\"container\" data-settings=\"{&quot;_ha_eqh_enable&quot;:false}\">\n\t\t\t\t\t<div class=\"e-con-inner\">\n\t\t\t\t<div class=\"elementor-element elementor-element-729d00b elementor-widget elementor-widget-heading\" data-id=\"729d00b\" data-element_type=\"widget\" data-widget_type=\"heading.default\">\n\t\t\t\t\t<h2 class=\"elementor-heading-title elementor-size-default\">\u00bfSABIAS QU\u00c9...?<\/h2>\t\t\t\t<\/div>\n\t\t\t\t<div class=\"elementor-element elementor-element-6f45f54 elementor-widget elementor-widget-text-editor\" data-id=\"6f45f54\" data-element_type=\"widget\" data-widget_type=\"text-editor.default\">\n\t\t\t\t\t\t\t\t\t<ul class=\"n8H08c UVNKR \"><li class=\"zfr3Q TYR86d eD0Rn \" dir=\"ltr\"><p class=\"zfr3Q CDt4Ke \" dir=\"ltr\" role=\"presentation\"><span class=\"C9DxTc \">En el a\u00f1o 2020, el Bioparque Vesty Pakos albergaba a m\u00e1s de 520 individuos pertenecientes a 70 especies en peligro de extinci\u00f3n, muchas de las cuales hab\u00edan sido rescatadas del tr\u00e1fico de animales.<\/span><\/p><\/li><li class=\"zfr3Q TYR86d eD0Rn \" dir=\"ltr\"><p class=\"zfr3Q CDt4Ke \" dir=\"ltr\" role=\"presentation\"><span class=\"C9DxTc \">Entre los animales que se pueden encontrar en el Bioparque Vesty Pakos se encuentra el oso jucumari (Tremarctos ornatus), que es la \u00fanica especie de oso sudamericano que habita a lo largo de los Andes. Adem\u00e1s, es el segundo mam\u00edfero terrestre m\u00e1s grande de Sudam\u00e9rica, alcanzando longitudes de m\u00e1s de dos metros y pesar alrededor de 200 kilos.<\/span><\/p><\/li><\/ul>\t\t\t\t\t\t\t\t<\/div>\n\t\t\t\t\t<\/div>\n\t\t\t\t<\/div>\n\t\t<div data-particle_enable=\"false\" data-particle-mobile-disabled=\"false\" class=\"elementor-element elementor-element-f0d4fb9 e-flex e-con-boxed e-con e-parent\" data-id=\"f0d4fb9\" data-element_type=\"container\" data-settings=\"{&quot;background_background&quot;:&quot;slideshow&quot;,&quot;background_slideshow_gallery&quot;:[{&quot;id&quot;:1141,&quot;url&quot;:&quot;https:\\\/\\\/lapaz.bo\\\/turismo\\\/wp-content\\\/uploads\\\/2025\\\/09\\\/bnn1.jpg&quot;}],&quot;background_slideshow_loop&quot;:&quot;yes&quot;,&quot;background_slideshow_slide_duration&quot;:5000,&quot;background_slideshow_slide_transition&quot;:&quot;fade&quot;,&quot;background_slideshow_transition_duration&quot;:500,&quot;_ha_eqh_enable&quot;:false}\">\n\t\t\t\t\t<div class=\"e-con-inner\">\n\t\t<div data-particle_enable=\"false\" data-particle-mobile-disabled=\"false\" class=\"elementor-element elementor-element-654b4d8 e-con-full e-flex e-con e-child\" data-id=\"654b4d8\" data-element_type=\"container\" data-settings=\"{&quot;_ha_eqh_enable&quot;:false}\">\n\t\t\t\t<div class=\"elementor-element elementor-element-ee7a92f elementor-widget elementor-widget-google_maps\" data-id=\"ee7a92f\" data-element_type=\"widget\" data-widget_type=\"google_maps.default\">\n\t\t\t\t\t\t\t<div class=\"elementor-custom-embed\">\n\t\t\t<iframe loading=\"lazy\"\n\t\t\t\t\tsrc=\"https:\/\/maps.google.com\/maps?q=16%C2%B034%2720.1%22S%2068%C2%B004%2759.3%22W&#038;t=m&#038;z=16&#038;output=embed&#038;iwloc=near\"\n\t\t\t\t\ttitle=\"16\u00b034&#039;20.1&quot;S 68\u00b004&#039;59.3&quot;W\"\n\t\t\t\t\taria-label=\"16\u00b034&#039;20.1&quot;S 68\u00b004&#039;59.3&quot;W\"\n\t\t\t><\/iframe>\n\t\t<\/div>\n\t\t\t\t\t\t<\/div>\n\t\t\t\t<div class=\"elementor-element elementor-element-491e4b8 elementor-widget elementor-widget-text-editor\" data-id=\"491e4b8\" data-element_type=\"widget\" data-widget_type=\"text-editor.default\">\n\t\t\t\t\t\t\t\t\t<div class=\"CjVfdc\"><span class=\"puwcIf C9DxTc \">COMO LLEGAR?<\/span><\/div>\t\t\t\t\t\t\t\t<\/div>\n\t\t\t\t<\/div>\n\t\t<div data-particle_enable=\"false\" data-particle-mobile-disabled=\"false\" class=\"elementor-element elementor-element-b480882 e-con-full e-flex e-con e-child\" data-id=\"b480882\" data-element_type=\"container\" data-settings=\"{&quot;_ha_eqh_enable&quot;:false}\">\n\t\t\t\t<div class=\"elementor-element elementor-element-323aaf9 elementor-widget elementor-widget-text-editor\" data-id=\"323aaf9\" data-element_type=\"widget\" data-widget_type=\"text-editor.default\">\n\t\t\t\t\t\t\t\t\t<div class=\"CjVfdc\"><span class=\"puwcIf C9DxTc \">HORARIO<\/span><\/div><p class=\"zfr3Q CDt4Ke \" dir=\"ltr\"><span class=\"C9DxTc \">MARTES A DOMINGO\u00a0 <\/span><span class=\"C9DxTc \">10:00 -15:00\u00a0<\/span><\/p>\t\t\t\t\t\t\t\t<\/div>\n\t\t\t\t<\/div>\n\t\t<div data-particle_enable=\"false\" data-particle-mobile-disabled=\"false\" class=\"elementor-element elementor-element-39301b7 e-con-full e-flex e-con e-child\" data-id=\"39301b7\" data-element_type=\"container\" data-settings=\"{&quot;_ha_eqh_enable&quot;:false}\">\n\t\t\t\t<div class=\"elementor-element elementor-element-c416459 elementor-widget elementor-widget-text-editor\" data-id=\"c416459\" data-element_type=\"widget\" data-widget_type=\"text-editor.default\">\n\t\t\t\t\t\t\t\t\t<div class=\"CjVfdc\"><p class=\"zfr3Q CDt4Ke \" dir=\"ltr\"><span class=\"C9DxTc \">INGRESO<br \/><\/span><span class=\"C9DxTc \">MAYORES DE 5 A\u00d1OS\u00a0<\/span><span class=\"C9DxTc \">Bs.- 5<br \/><\/span><span class=\"C9DxTc \">MAYORES DE 12 A\u00d1OS\u00a0<\/span><span class=\"C9DxTc \">Bs.- 10<br \/><\/span><span class=\"C9DxTc \">MAYORES DE 60 A\u00d1OS: INGRESO GRATUITO<\/span><\/p><p class=\"zfr3Q CDt4Ke \" dir=\"ltr\"><span class=\"C9DxTc \">\u00a0<\/span><\/p><\/div>\t\t\t\t\t\t\t\t<\/div>\n\t\t\t\t<\/div>\n\t\t\t\t\t<\/div>\n\t\t\t\t<\/div>\n\t\t<div data-particle_enable=\"false\" data-particle-mobile-disabled=\"false\" class=\"elementor-element elementor-element-5780af8 e-flex e-con-boxed e-con e-parent\" data-id=\"5780af8\" data-element_type=\"container\" data-settings=\"{&quot;_ha_eqh_enable&quot;:false}\">\n\t\t\t\t\t<div class=\"e-con-inner\">\n\t\t\t\t<div class=\"elementor-element elementor-element-5cc6b4b elementor-widget elementor-widget-heading\" data-id=\"5cc6b4b\" data-element_type=\"widget\" data-widget_type=\"heading.default\">\n\t\t\t\t\t<h2 class=\"elementor-heading-title elementor-size-default\">RECOMENDACIONES <\/h2>\t\t\t\t<\/div>\n\t\t\t\t<div class=\"elementor-element elementor-element-c3f1119 elementor-widget elementor-widget-text-editor\" data-id=\"c3f1119\" data-element_type=\"widget\" data-widget_type=\"text-editor.default\">\n\t\t\t\t\t\t\t\t\t<p class=\"zfr3Q CDt4Ke \" dir=\"ltr\">Es importante recordar que no se debe alimentar a los animales que se encuentran en el bioparque, ya que cada especie tiene una dieta espec\u00edfica y controlada para su bienestar. Adem\u00e1s, es altamente recomendable evitar molestar a los animales, ya que esto podr\u00eda causarles estr\u00e9s o incluso enfermedades. Respetar su espacio y comportarse de manera responsable contribuye a mantener un ambiente tranquilo y seguro para ellos, as\u00ed como una experiencia m\u00e1s positiva para los visitantes. La observaci\u00f3n responsable de los animales en su entorno natural es esencial para preservar su salud y bienestar.\u00a0<\/p>\t\t\t\t\t\t\t\t<\/div>\n\t\t\t\t\t<\/div>\n\t\t\t\t<\/div>\n\t\t\t\t<\/div>\n\t\t","protected":false},"excerpt":{"rendered":"<p>DESCRIPCI\u00d3N El 21 de septiembre de 1993 se fund\u00f3 el Zool\u00f3gico Municipal Vesty Pakos en conmemoraci\u00f3n del herpet\u00f3logo austriaco Silvestre Pakos Sofro (1946 &#8211; 1993), que hasta entonces operaba en el Parque de los Monos en el centro de La Paz. Este bioparque de La Paz es una instituci\u00f3n sin fines de lucro que tiene [&hellip;]<\/p>\n","protected":false},"author":4,"featured_media":0,"parent":0,"menu_order":0,"comment_status":"closed","ping_status":"closed","template":"","meta":{"site-sidebar-layout":"no-sidebar","site-content-layout":"page-builder","ast-site-content-layout":"full-width-container","site-content-style":"default","site-sidebar-style":"default","ast-global-header-display":"","ast-banner-title-visibility":"","ast-main-header-display":"","ast-hfb-above-header-display":"","ast-hfb-below-header-display":"","ast-hfb-mobile-header-display":"","site-post-title":"disabled","ast-breadcrumbs-content":"","ast-featured-img":"disabled","footer-sml-layout":"","ast-disable-related-posts":"","theme-transparent-header-meta":"","adv-header-id-meta":"","stick-header-meta":"","header-above-stick-meta":"","header-main-stick-meta":"","header-below-stick-meta":"","astra-migrate-meta-layouts":"set","ast-page-background-enabled":"default","ast-page-background-meta":{"desktop":{"background-color":"var(--ast-global-color-4)","background-image":"","background-repeat":"repeat","background-position":"center center","background-size":"auto","background-attachment":"scroll","background-type":"","background-media":"","overlay-type":"","overlay-color":"","overlay-opacity":"","overlay-gradient":""},"tablet":{"background-color":"","background-image":"","background-repeat":"repeat","background-position":"center center","background-size":"auto","background-attachment":"scroll","background-type":"","background-media":"","overlay-type":"","overlay-color":"","overlay-opacity":"","overlay-gradient":""},"mobile":{"background-color":"","background-image":"","background-repeat":"repeat","background-position":"center center","background-size":"auto","background-attachment":"scroll","background-type":"","background-media":"","overlay-type":"","overlay-color":"","overlay-opacity":"","overlay-gradient":""}},"ast-content-background-meta":{"desktop":{"background-color":"var(--ast-global-color-5)","background-image":"","background-repeat":"repeat","background-position":"center center","background-size":"auto","background-attachment":"scroll","background-type":"","background-media":"","overlay-type":"","overlay-color":"","overlay-opacity":"","overlay-gradient":""},"tablet":{"background-color":"var(--ast-global-color-5)","background-image":"","background-repeat":"repeat","background-position":"center center","background-size":"auto","background-attachment":"scroll","background-type":"","background-media":"","overlay-type":"","overlay-color":"","overlay-opacity":"","overlay-gradient":""},"mobile":{"background-color":"var(--ast-global-color-5)","background-image":"","background-repeat":"repeat","background-position":"center center","background-size":"auto","background-attachment":"scroll","background-type":"","background-media":"","overlay-type":"","overlay-color":"","overlay-opacity":"","overlay-gradient":""}},"footnotes":""},"class_list":["post-2154","page","type-page","status-publish","hentry"],"_links":{"self":[{"href":"https:\/\/lapaz.bo\/turismo\/wp-json\/wp\/v2\/pages\/2154","targetHints":{"allow":["GET"]}}],"collection":[{"href":"https:\/\/lapaz.bo\/turismo\/wp-json\/wp\/v2\/pages"}],"about":[{"href":"https:\/\/lapaz.bo\/turismo\/wp-json\/wp\/v2\/types\/page"}],"author":[{"embeddable":true,"href":"https:\/\/lapaz.bo\/turismo\/wp-json\/wp\/v2\/users\/4"}],"replies":[{"embeddable":true,"href":"https:\/\/lapaz.bo\/turismo\/wp-json\/wp\/v2\/comments?post=2154"}],"version-history":[{"count":7,"href":"https:\/\/lapaz.bo\/turismo\/wp-json\/wp\/v2\/pages\/2154\/revisions"}],"predecessor-version":[{"id":2169,"href":"https:\/\/lapaz.bo\/turismo\/wp-json\/wp\/v2\/pages\/2154\/revisions\/2169"}],"wp:attachment":[{"href":"https:\/\/lapaz.bo\/turismo\/wp-json\/wp\/v2\/media?parent=2154"}],"curies":[{"name":"wp","href":"https:\/\/api.w.org\/{rel}","templated":true}]}}