{"id":31127,"date":"2026-04-30T12:09:33","date_gmt":"2026-04-30T16:09:33","guid":{"rendered":"https:\/\/lapaz.bo\/agendajiwaki\/?post_type=event_listing&#038;p=31127"},"modified":"2026-04-30T12:09:35","modified_gmt":"2026-04-30T16:09:35","slug":"gala-infanto-juvenil-gij-2026","status":"publish","type":"event_listing","link":"https:\/\/lapaz.bo\/agendajiwaki\/evento\/gala-infanto-juvenil-gij-2026\/","title":{"rendered":"GALA INFANTO JUVENIL GIJ 2026"},"content":{"rendered":"\n<p><strong>Direcci\u00f3n:<\/strong>&nbsp;Av. Mcal. Santa Cruz ESQ. C. Potos\u00ed \u201cCasa de la cultura\u201d<\/p>\n\n\n\n<p><strong>Fecha<\/strong>: Domingo 17 del 2026.<\/p>\n\n\n\n<p><strong>Horario:<\/strong>&nbsp;19:00.<\/p>\n\n\n\n<p>La Gala Infanto Juvenil GIJ 2026, es un espect\u00e1culo ejecutado por nuestros Elenco Infantil, Pre Juvenil y Juvenil, quienes en perfecta sincron\u00eda llevan adelante un espect\u00e1culo de danza folkl\u00f3rica nacional de escena teatral, como lo viene haciendo hace 26 atr\u00e1s.<\/p>\n\n\n\n<p><strong>Contacto:<\/strong> 71528463.<\/p>\n","protected":false},"featured_media":31124,"template":"","meta":{"_eb_attr":"","site-sidebar-layout":"default","site-content-layout":"","ast-site-content-layout":"default","site-content-style":"default","site-sidebar-style":"default","ast-global-header-display":"","ast-banner-title-visibility":"","ast-main-header-display":"","ast-hfb-above-header-display":"","ast-hfb-below-header-display":"","ast-hfb-mobile-header-display":"","site-post-title":"","ast-breadcrumbs-content":"","ast-featured-img":"disabled","footer-sml-layout":"","theme-transparent-header-meta":"","adv-header-id-meta":"","stick-header-meta":"","header-above-stick-meta":"","header-main-stick-meta":"","header-below-stick-meta":"","astra-migrate-meta-layouts":"set","ast-page-background-enabled":"default","ast-page-background-meta":{"desktop":{"background-color":"var(--ast-global-color-4)","background-image":"","background-repeat":"repeat","background-position":"center center","background-size":"auto","background-attachment":"scroll","background-type":"","background-media":"","overlay-type":"","overlay-color":"","overlay-opacity":"","overlay-gradient":""},"tablet":{"background-color":"","background-image":"","background-repeat":"repeat","background-position":"center center","background-size":"auto","background-attachment":"scroll","background-type":"","background-media":"","overlay-type":"","overlay-color":"","overlay-opacity":"","overlay-gradient":""},"mobile":{"background-color":"","background-image":"","background-repeat":"repeat","background-position":"center center","background-size":"auto","background-attachment":"scroll","background-type":"","background-media":"","overlay-type":"","overlay-color":"","overlay-opacity":"","overlay-gradient":""}},"ast-content-background-meta":{"desktop":{"background-color":"var(--ast-global-color-5)","background-image":"","background-repeat":"repeat","background-position":"center center","background-size":"auto","background-attachment":"scroll","background-type":"","background-media":"","overlay-type":"","overlay-color":"","overlay-opacity":"","overlay-gradient":""},"tablet":{"background-color":"var(--ast-global-color-5)","background-image":"","background-repeat":"repeat","background-position":"center center","background-size":"auto","background-attachment":"scroll","background-type":"","background-media":"","overlay-type":"","overlay-color":"","overlay-opacity":"","overlay-gradient":""},"mobile":{"background-color":"var(--ast-global-color-5)","background-image":"","background-repeat":"repeat","background-position":"center center","background-size":"auto","background-attachment":"scroll","background-type":"","background-media":"","overlay-type":"","overlay-color":"","overlay-opacity":"","overlay-gradient":""}}},"event_listing_category":[62],"class_list":["post-31127","event_listing","type-event_listing","status-publish","has-post-thumbnail","hentry","event_listing_category-modesta-sanjines"],"_links":{"self":[{"href":"https:\/\/lapaz.bo\/agendajiwaki\/wp-json\/wp\/v2\/event_listing\/31127","targetHints":{"allow":["GET"]}}],"collection":[{"href":"https:\/\/lapaz.bo\/agendajiwaki\/wp-json\/wp\/v2\/event_listing"}],"about":[{"href":"https:\/\/lapaz.bo\/agendajiwaki\/wp-json\/wp\/v2\/types\/event_listing"}],"wp:featuredmedia":[{"embeddable":true,"href":"https:\/\/lapaz.bo\/agendajiwaki\/wp-json\/wp\/v2\/media\/31124"}],"wp:attachment":[{"href":"https:\/\/lapaz.bo\/agendajiwaki\/wp-json\/wp\/v2\/media?parent=31127"}],"wp:term":[{"taxonomy":"event_listing_category","embeddable":true,"href":"https:\/\/lapaz.bo\/agendajiwaki\/wp-json\/wp\/v2\/event_listing_category?post=31127"}],"curies":[{"name":"wp","href":"https:\/\/api.w.org\/{rel}","templated":true}]}}

<p><strong>Dirección:</strong>&nbsp;Av. Mcal. Santa Cruz ESQ. C. Potosí “Casa de la cultura”</p>



<p><strong>Fecha</strong>: Domingo 17 del 2026.</p>



<p><strong>Horario:</strong>&nbsp;19:00.</p>



<p>La Gala Infanto Juvenil GIJ 2026, es un espectáculo ejecutado por nuestros Elenco Infantil, Pre Juvenil y Juvenil, quienes en perfecta sincronía llevan adelante un espectáculo de danza folklórica nacional de escena teatral, como lo viene haciendo hace 26 atrás.</p>



<p><strong>Contacto:</strong> 71528463.</p>
