{"id":30798,"date":"2026-04-27T08:30:00","date_gmt":"2026-04-27T12:30:00","guid":{"rendered":"https:\/\/lapaz.bo\/agendajiwaki\/?post_type=event_listing&#038;p=30798"},"modified":"2026-04-21T15:42:31","modified_gmt":"2026-04-21T19:42:31","slug":"cunape-con-marraqueta","status":"publish","type":"event_listing","link":"https:\/\/lapaz.bo\/agendajiwaki\/evento\/cunape-con-marraqueta\/","title":{"rendered":"CU\u00d1APE CON MARRAQUETA"},"content":{"rendered":"\n<p><strong>Direcci\u00f3n:<\/strong>&nbsp;C. Indaburo ESQ. Genaro Sanjin\u00e9s.<\/p>\n\n\n\n<p><strong>Fecha<\/strong>: Martes 12 de mayo y mi\u00e9rcoles 13 de mayo del 2026.<\/p>\n\n\n\n<p><strong>Horario:<\/strong>&nbsp;19:30.<\/p>\n\n\n\n<p>Una \u00e1cida y necesaria s\u00e1tira sobre la identidad boliviana.<\/p>\n\n\n\n<p>En un despliegue de humor, modismos y cr\u00edtica social, la obra \u201cCu\u00f1ap\u00e9 con Marraqueta\u201d, escrita y dirigida por Enrique Calder\u00f3n, se presenta como un espejo deformado, pero profundamente real de la sociedad boliviana contempor\u00e1nea. Lo que inicia como una versi\u00f3n andino-amaz\u00f3nica de la tragedia de Shakespeare, pronto se transforma en una comedia de enredos que desarma los prejuicios entre &#8220;collas&#8221; y &#8220;cambas&#8221; con la misma facilidad con la que se construye el amor como \u201cPuente Pol\u00edtico\u201d.<\/p>\n\n\n\n<p>La trama sigue a Romeo Mamani, un joven pace\u00f1o, y Julieta Vaca D\u00edez, una camba de &#8220;pura cepa&#8221;, quienes se conocen de la manera m\u00e1s improbable: en medio de un asalto frustrado por un polic\u00eda de tr\u00e1nsito que solo tiene un silbato como arma. <\/p>\n\n\n\n<p>La narrativa, guiada por el carism\u00e1tico cafetero Ventura Cruz Aleluya, utiliza el romance de los protagonistas para exponer una &#8220;sociedad confundida&#8221; por el regionalismo.<\/p>\n\n\n\n<p>El Choque de dos Mundos<br>A pesar de las barreras impuestas por las &#8220;oligarqu\u00edas&#8221; y los &#8220;centralismos&#8221;, la obra cierra con un giro inesperado que sugiere que nuestras diferencias son m\u00e1s recientes de lo que creemos. \u201cCu\u00f1ap\u00e9 con Marraqueta\u201d es, en \u00faltima instancia, una invitaci\u00f3n a devorar nuestras culturas sin miedo a la mezcla, record\u00e1ndonos que la pol\u00edtica puede dividir, pero la gastronom\u00eda y el amor, siempre encuentran un punto de uni\u00f3n.<\/p>\n\n\n\n<p>Una puesta en escena vibrante que logra que el espectador se r\u00eda de sus propios prejuicios. Imperdible para entender la Bolivia de hoy desde la butaca.<\/p>\n\n\n\n<p><strong>Contacto: <\/strong>78898191.<\/p>\n","protected":false},"featured_media":30799,"template":"","meta":{"_eb_attr":"","site-sidebar-layout":"default","site-content-layout":"","ast-site-content-layout":"default","site-content-style":"default","site-sidebar-style":"default","ast-global-header-display":"","ast-banner-title-visibility":"","ast-main-header-display":"","ast-hfb-above-header-display":"","ast-hfb-below-header-display":"","ast-hfb-mobile-header-display":"","site-post-title":"","ast-breadcrumbs-content":"","ast-featured-img":"disabled","footer-sml-layout":"","theme-transparent-header-meta":"","adv-header-id-meta":"","stick-header-meta":"","header-above-stick-meta":"","header-main-stick-meta":"","header-below-stick-meta":"","astra-migrate-meta-layouts":"set","ast-page-background-enabled":"default","ast-page-background-meta":{"desktop":{"background-color":"var(--ast-global-color-4)","background-image":"","background-repeat":"repeat","background-position":"center center","background-size":"auto","background-attachment":"scroll","background-type":"","background-media":"","overlay-type":"","overlay-color":"","overlay-opacity":"","overlay-gradient":""},"tablet":{"background-color":"","background-image":"","background-repeat":"repeat","background-position":"center center","background-size":"auto","background-attachment":"scroll","background-type":"","background-media":"","overlay-type":"","overlay-color":"","overlay-opacity":"","overlay-gradient":""},"mobile":{"background-color":"","background-image":"","background-repeat":"repeat","background-position":"center center","background-size":"auto","background-attachment":"scroll","background-type":"","background-media":"","overlay-type":"","overlay-color":"","overlay-opacity":"","overlay-gradient":""}},"ast-content-background-meta":{"desktop":{"background-color":"var(--ast-global-color-5)","background-image":"","background-repeat":"repeat","background-position":"center center","background-size":"auto","background-attachment":"scroll","background-type":"","background-media":"","overlay-type":"","overlay-color":"","overlay-opacity":"","overlay-gradient":""},"tablet":{"background-color":"var(--ast-global-color-5)","background-image":"","background-repeat":"repeat","background-position":"center center","background-size":"auto","background-attachment":"scroll","background-type":"","background-media":"","overlay-type":"","overlay-color":"","overlay-opacity":"","overlay-gradient":""},"mobile":{"background-color":"var(--ast-global-color-5)","background-image":"","background-repeat":"repeat","background-position":"center center","background-size":"auto","background-attachment":"scroll","background-type":"","background-media":"","overlay-type":"","overlay-color":"","overlay-opacity":"","overlay-gradient":""}}},"event_listing_category":[59],"class_list":["post-30798","event_listing","type-event_listing","status-publish","has-post-thumbnail","hentry","event_listing_category-alberto-saavedra-perez"],"_links":{"self":[{"href":"https:\/\/lapaz.bo\/agendajiwaki\/wp-json\/wp\/v2\/event_listing\/30798","targetHints":{"allow":["GET"]}}],"collection":[{"href":"https:\/\/lapaz.bo\/agendajiwaki\/wp-json\/wp\/v2\/event_listing"}],"about":[{"href":"https:\/\/lapaz.bo\/agendajiwaki\/wp-json\/wp\/v2\/types\/event_listing"}],"wp:featuredmedia":[{"embeddable":true,"href":"https:\/\/lapaz.bo\/agendajiwaki\/wp-json\/wp\/v2\/media\/30799"}],"wp:attachment":[{"href":"https:\/\/lapaz.bo\/agendajiwaki\/wp-json\/wp\/v2\/media?parent=30798"}],"wp:term":[{"taxonomy":"event_listing_category","embeddable":true,"href":"https:\/\/lapaz.bo\/agendajiwaki\/wp-json\/wp\/v2\/event_listing_category?post=30798"}],"curies":[{"name":"wp","href":"https:\/\/api.w.org\/{rel}","templated":true}]}}

CUÑAPE CON MARRAQUETA

<p><strong>Dirección:</strong>&nbsp;C. Indaburo ESQ. Genaro Sanjinés.</p>



<p><strong>Fecha</strong>: Martes 12 de mayo y miércoles 13 de mayo del 2026.</p>



<p><strong>Horario:</strong>&nbsp;19:30.</p>



<p>Una ácida y necesaria sátira sobre la identidad boliviana.</p>



<p>En un despliegue de humor, modismos y crítica social, la obra “Cuñapé con Marraqueta”, escrita y dirigida por Enrique Calderón, se presenta como un espejo deformado, pero profundamente real de la sociedad boliviana contemporánea. Lo que inicia como una versión andino-amazónica de la tragedia de Shakespeare, pronto se transforma en una comedia de enredos que desarma los prejuicios entre &#8220;collas&#8221; y &#8220;cambas&#8221; con la misma facilidad con la que se construye el amor como “Puente Político”.</p>



<p>La trama sigue a Romeo Mamani, un joven paceño, y Julieta Vaca Díez, una camba de &#8220;pura cepa&#8221;, quienes se conocen de la manera más improbable: en medio de un asalto frustrado por un policía de tránsito que solo tiene un silbato como arma. </p>



<p>La narrativa, guiada por el carismático cafetero Ventura Cruz Aleluya, utiliza el romance de los protagonistas para exponer una &#8220;sociedad confundida&#8221; por el regionalismo.</p>



<p>El Choque de dos Mundos<br>A pesar de las barreras impuestas por las &#8220;oligarquías&#8221; y los &#8220;centralismos&#8221;, la obra cierra con un giro inesperado que sugiere que nuestras diferencias son más recientes de lo que creemos. “Cuñapé con Marraqueta” es, en última instancia, una invitación a devorar nuestras culturas sin miedo a la mezcla, recordándonos que la política puede dividir, pero la gastronomía y el amor, siempre encuentran un punto de unión.</p>



<p>Una puesta en escena vibrante que logra que el espectador se ría de sus propios prejuicios. Imperdible para entender la Bolivia de hoy desde la butaca.</p>



<p><strong>Contacto: </strong>78898191.</p>
