{"id":30099,"date":"2026-04-27T16:56:20","date_gmt":"2026-04-27T20:56:20","guid":{"rendered":"https:\/\/lapaz.bo\/agendajiwaki\/?post_type=event_listing&#038;p=30099"},"modified":"2026-04-27T16:56:22","modified_gmt":"2026-04-27T20:56:22","slug":"exposicion-el-canto-del-agua","status":"publish","type":"event_listing","link":"https:\/\/lapaz.bo\/agendajiwaki\/evento\/exposicion-el-canto-del-agua\/","title":{"rendered":"EXPOSICI\u00d3N: EL CANTO DEL AGUA"},"content":{"rendered":"\n<p><strong>Direcci\u00f3n:<\/strong> C. Col\u00f3n, entre C. Mercado y Av. Camacho.<\/p>\n\n\n\n<p><strong>Fecha<\/strong>: Viernes 26 de junio al lunes 20 de julio del 2026.<\/p>\n\n\n\n<p><strong>Horario:<\/strong>&nbsp;18:00.<\/p>\n\n\n\n<p>Muestra de 25 obras de arte, realizadas en la t\u00e9cnica de la acuarela por el artista Ismael Lizme Castro. Quien a trav\u00e9s de sus trabajos nos mostrar\u00e1 im\u00e1genes que nos llevar\u00e1n a reconocer diversas calles de la ciudad de La Paz, la vida cotidiana del mundo urbano, su gente y los autos transitando. As\u00ed como tambi\u00e9n paisajes que nos acercaran y conectaran con la naturaleza, el campo y la tranquilidad. <\/p>\n\n\n\n<p>Demostrando as\u00ed el gran dominio que tiene el artista sobre el manejo de la acuarela y el dibujo, logrando transportar al espectador al canto de las aguas, mediante una paleta de colores suaves y armoniosos.<\/p>\n\n\n\n<p><strong>Contacto:<\/strong> 70560715.<\/p>\n\n\n\n<p><\/p>\n","protected":false},"featured_media":30100,"template":"","meta":{"_eb_attr":"","site-sidebar-layout":"default","site-content-layout":"","ast-site-content-layout":"default","site-content-style":"default","site-sidebar-style":"default","ast-global-header-display":"","ast-banner-title-visibility":"","ast-main-header-display":"","ast-hfb-above-header-display":"","ast-hfb-below-header-display":"","ast-hfb-mobile-header-display":"","site-post-title":"","ast-breadcrumbs-content":"","ast-featured-img":"disabled","footer-sml-layout":"","theme-transparent-header-meta":"","adv-header-id-meta":"","stick-header-meta":"","header-above-stick-meta":"","header-main-stick-meta":"","header-below-stick-meta":"","astra-migrate-meta-layouts":"set","ast-page-background-enabled":"default","ast-page-background-meta":{"desktop":{"background-color":"var(--ast-global-color-4)","background-image":"","background-repeat":"repeat","background-position":"center center","background-size":"auto","background-attachment":"scroll","background-type":"","background-media":"","overlay-type":"","overlay-color":"","overlay-opacity":"","overlay-gradient":""},"tablet":{"background-color":"","background-image":"","background-repeat":"repeat","background-position":"center center","background-size":"auto","background-attachment":"scroll","background-type":"","background-media":"","overlay-type":"","overlay-color":"","overlay-opacity":"","overlay-gradient":""},"mobile":{"background-color":"","background-image":"","background-repeat":"repeat","background-position":"center center","background-size":"auto","background-attachment":"scroll","background-type":"","background-media":"","overlay-type":"","overlay-color":"","overlay-opacity":"","overlay-gradient":""}},"ast-content-background-meta":{"desktop":{"background-color":"var(--ast-global-color-5)","background-image":"","background-repeat":"repeat","background-position":"center center","background-size":"auto","background-attachment":"scroll","background-type":"","background-media":"","overlay-type":"","overlay-color":"","overlay-opacity":"","overlay-gradient":""},"tablet":{"background-color":"var(--ast-global-color-5)","background-image":"","background-repeat":"repeat","background-position":"center center","background-size":"auto","background-attachment":"scroll","background-type":"","background-media":"","overlay-type":"","overlay-color":"","overlay-opacity":"","overlay-gradient":""},"mobile":{"background-color":"var(--ast-global-color-5)","background-image":"","background-repeat":"repeat","background-position":"center center","background-size":"auto","background-attachment":"scroll","background-type":"","background-media":"","overlay-type":"","overlay-color":"","overlay-opacity":"","overlay-gradient":""}}},"event_listing_category":[70],"class_list":["post-30099","event_listing","type-event_listing","status-publish","has-post-thumbnail","hentry","event_listing_category-salon-cecilio-guzman-de-rojas"],"_links":{"self":[{"href":"https:\/\/lapaz.bo\/agendajiwaki\/wp-json\/wp\/v2\/event_listing\/30099","targetHints":{"allow":["GET"]}}],"collection":[{"href":"https:\/\/lapaz.bo\/agendajiwaki\/wp-json\/wp\/v2\/event_listing"}],"about":[{"href":"https:\/\/lapaz.bo\/agendajiwaki\/wp-json\/wp\/v2\/types\/event_listing"}],"wp:featuredmedia":[{"embeddable":true,"href":"https:\/\/lapaz.bo\/agendajiwaki\/wp-json\/wp\/v2\/media\/30100"}],"wp:attachment":[{"href":"https:\/\/lapaz.bo\/agendajiwaki\/wp-json\/wp\/v2\/media?parent=30099"}],"wp:term":[{"taxonomy":"event_listing_category","embeddable":true,"href":"https:\/\/lapaz.bo\/agendajiwaki\/wp-json\/wp\/v2\/event_listing_category?post=30099"}],"curies":[{"name":"wp","href":"https:\/\/api.w.org\/{rel}","templated":true}]}}

EXPOSICIÓN: EL CANTO DEL AGUA

<p><strong>Dirección:</strong> C. Colón, entre C. Mercado y Av. Camacho.</p>



<p><strong>Fecha</strong>: Viernes 26 de junio al lunes 20 de julio del 2026.</p>



<p><strong>Horario:</strong>&nbsp;18:00.</p>



<p>Muestra de 25 obras de arte, realizadas en la técnica de la acuarela por el artista Ismael Lizme Castro. Quien a través de sus trabajos nos mostrará imágenes que nos llevarán a reconocer diversas calles de la ciudad de La Paz, la vida cotidiana del mundo urbano, su gente y los autos transitando. Así como también paisajes que nos acercaran y conectaran con la naturaleza, el campo y la tranquilidad. </p>



<p>Demostrando así el gran dominio que tiene el artista sobre el manejo de la acuarela y el dibujo, logrando transportar al espectador al canto de las aguas, mediante una paleta de colores suaves y armoniosos.</p>



<p><strong>Contacto:</strong> 70560715.</p>



<p></p>
