{"id":30097,"date":"2026-04-27T16:53:47","date_gmt":"2026-04-27T20:53:47","guid":{"rendered":"https:\/\/lapaz.bo\/agendajiwaki\/?post_type=event_listing&#038;p=30097"},"modified":"2026-04-27T16:53:48","modified_gmt":"2026-04-27T20:53:48","slug":"exposicion-sentimientos-y-expresiones","status":"publish","type":"event_listing","link":"https:\/\/lapaz.bo\/agendajiwaki\/evento\/exposicion-sentimientos-y-expresiones\/","title":{"rendered":"EXPOSICI\u00d3N: SENTIMIENTOS Y EXPRESIONES"},"content":{"rendered":"\n<p><strong>Direcci\u00f3n:<\/strong> C. Col\u00f3n, entre C. Mercado y Av. Camacho.<\/p>\n\n\n\n<p><strong>Fecha<\/strong>: Jueves 28 de mayo al jueves 23 de junio del 2026.<\/p>\n\n\n\n<p><strong>Horario:<\/strong>&nbsp;18:00.<\/p>\n\n\n\n<p>Muestra de 25 obras de arte, realizadas en pintura al \u00f3leo y acuarela, por Rub\u00e9n G\u00f3mez Aramayo, artista potosino con m\u00e1s de 40 a\u00f1os de trayectoria. <\/p>\n\n\n\n<p>Quien a trav\u00e9s de sus trabajos nos transmitir\u00e1 sentimientos de nostalgia y recuerdo, con grandes detalles, manejo de la luz y el color que impresionar\u00e1n al espectador.<\/p>\n\n\n\n<p><strong>Contacto:<\/strong> 70560715.<\/p>\n\n\n\n<p><\/p>\n","protected":false},"featured_media":30098,"template":"","meta":{"_eb_attr":"","site-sidebar-layout":"default","site-content-layout":"","ast-site-content-layout":"default","site-content-style":"default","site-sidebar-style":"default","ast-global-header-display":"","ast-banner-title-visibility":"","ast-main-header-display":"","ast-hfb-above-header-display":"","ast-hfb-below-header-display":"","ast-hfb-mobile-header-display":"","site-post-title":"","ast-breadcrumbs-content":"","ast-featured-img":"disabled","footer-sml-layout":"","theme-transparent-header-meta":"","adv-header-id-meta":"","stick-header-meta":"","header-above-stick-meta":"","header-main-stick-meta":"","header-below-stick-meta":"","astra-migrate-meta-layouts":"set","ast-page-background-enabled":"default","ast-page-background-meta":{"desktop":{"background-color":"var(--ast-global-color-4)","background-image":"","background-repeat":"repeat","background-position":"center center","background-size":"auto","background-attachment":"scroll","background-type":"","background-media":"","overlay-type":"","overlay-color":"","overlay-opacity":"","overlay-gradient":""},"tablet":{"background-color":"","background-image":"","background-repeat":"repeat","background-position":"center center","background-size":"auto","background-attachment":"scroll","background-type":"","background-media":"","overlay-type":"","overlay-color":"","overlay-opacity":"","overlay-gradient":""},"mobile":{"background-color":"","background-image":"","background-repeat":"repeat","background-position":"center center","background-size":"auto","background-attachment":"scroll","background-type":"","background-media":"","overlay-type":"","overlay-color":"","overlay-opacity":"","overlay-gradient":""}},"ast-content-background-meta":{"desktop":{"background-color":"var(--ast-global-color-5)","background-image":"","background-repeat":"repeat","background-position":"center center","background-size":"auto","background-attachment":"scroll","background-type":"","background-media":"","overlay-type":"","overlay-color":"","overlay-opacity":"","overlay-gradient":""},"tablet":{"background-color":"var(--ast-global-color-5)","background-image":"","background-repeat":"repeat","background-position":"center center","background-size":"auto","background-attachment":"scroll","background-type":"","background-media":"","overlay-type":"","overlay-color":"","overlay-opacity":"","overlay-gradient":""},"mobile":{"background-color":"var(--ast-global-color-5)","background-image":"","background-repeat":"repeat","background-position":"center center","background-size":"auto","background-attachment":"scroll","background-type":"","background-media":"","overlay-type":"","overlay-color":"","overlay-opacity":"","overlay-gradient":""}}},"event_listing_category":[70],"class_list":["post-30097","event_listing","type-event_listing","status-publish","has-post-thumbnail","hentry","event_listing_category-salon-cecilio-guzman-de-rojas"],"_links":{"self":[{"href":"https:\/\/lapaz.bo\/agendajiwaki\/wp-json\/wp\/v2\/event_listing\/30097","targetHints":{"allow":["GET"]}}],"collection":[{"href":"https:\/\/lapaz.bo\/agendajiwaki\/wp-json\/wp\/v2\/event_listing"}],"about":[{"href":"https:\/\/lapaz.bo\/agendajiwaki\/wp-json\/wp\/v2\/types\/event_listing"}],"wp:featuredmedia":[{"embeddable":true,"href":"https:\/\/lapaz.bo\/agendajiwaki\/wp-json\/wp\/v2\/media\/30098"}],"wp:attachment":[{"href":"https:\/\/lapaz.bo\/agendajiwaki\/wp-json\/wp\/v2\/media?parent=30097"}],"wp:term":[{"taxonomy":"event_listing_category","embeddable":true,"href":"https:\/\/lapaz.bo\/agendajiwaki\/wp-json\/wp\/v2\/event_listing_category?post=30097"}],"curies":[{"name":"wp","href":"https:\/\/api.w.org\/{rel}","templated":true}]}}

EXPOSICIÓN: SENTIMIENTOS Y EXPRESIONES

<p><strong>Dirección:</strong> C. Colón, entre C. Mercado y Av. Camacho.</p>



<p><strong>Fecha</strong>: Jueves 28 de mayo al jueves 23 de junio del 2026.</p>



<p><strong>Horario:</strong>&nbsp;18:00.</p>



<p>Muestra de 25 obras de arte, realizadas en pintura al óleo y acuarela, por Rubén Gómez Aramayo, artista potosino con más de 40 años de trayectoria. </p>



<p>Quien a través de sus trabajos nos transmitirá sentimientos de nostalgia y recuerdo, con grandes detalles, manejo de la luz y el color que impresionarán al espectador.</p>



<p><strong>Contacto:</strong> 70560715.</p>



<p></p>
