{"id":30091,"date":"2026-04-27T16:55:57","date_gmt":"2026-04-27T20:55:57","guid":{"rendered":"https:\/\/lapaz.bo\/agendajiwaki\/?post_type=event_listing&#038;p=30091"},"modified":"2026-04-27T16:55:59","modified_gmt":"2026-04-27T20:55:59","slug":"exposicion-perspectivas-y-atmosferas-pacenas","status":"publish","type":"event_listing","link":"https:\/\/lapaz.bo\/agendajiwaki\/evento\/exposicion-perspectivas-y-atmosferas-pacenas\/","title":{"rendered":"EXPOSICI\u00d3N: PERSPECTIVAS Y ATMOSFERAS PACE\u00d1AS"},"content":{"rendered":"\n<p><strong>Direcci\u00f3n:<\/strong> Av. Mariscal Santa Cruz, ESQ. C. Potos\u00ed.<\/p>\n\n\n\n<p><strong>Fecha<\/strong>: Jueves 18 de junio al viernes 10 de julio del 2026.<\/p>\n\n\n\n<p><strong>Horario:<\/strong>&nbsp;18:00.<\/p>\n\n\n\n<p>Muestra de 30 obras de arte realizadas en la t\u00e9cnica de la acuarela por el artista Abdel Pomacusi. <\/p>\n\n\n\n<p>Quien a trav\u00e9s de sus trabajos nos mostrar\u00e1 los lugares m\u00e1s transitados y conocidos de La Paz, alcanzando a apreciar el dominio que tiene del dibujo y manejo de la perspectiva, en sus calles, con sus subidas y bajadas. <\/p>\n\n\n\n<p>Logrando captar las cambiantes atm\u00f3sferas de los d\u00edas lluviosos y los atardeceres soleados. Capturando no solo las atm\u00f3sferas, sino tambi\u00e9n la cotidianeidad de quienes habitan la ciudad. <\/p>\n\n\n\n<p>Creando im\u00e1genes entre lo reconocible y lo evocador.<\/p>\n\n\n\n<p><strong>Contacto:<\/strong> 77706804.<\/p>\n\n\n\n<p><\/p>\n","protected":false},"featured_media":30092,"template":"","meta":{"_eb_attr":"","site-sidebar-layout":"default","site-content-layout":"","ast-site-content-layout":"default","site-content-style":"default","site-sidebar-style":"default","ast-global-header-display":"","ast-banner-title-visibility":"","ast-main-header-display":"","ast-hfb-above-header-display":"","ast-hfb-below-header-display":"","ast-hfb-mobile-header-display":"","site-post-title":"","ast-breadcrumbs-content":"","ast-featured-img":"disabled","footer-sml-layout":"","theme-transparent-header-meta":"","adv-header-id-meta":"","stick-header-meta":"","header-above-stick-meta":"","header-main-stick-meta":"","header-below-stick-meta":"","astra-migrate-meta-layouts":"set","ast-page-background-enabled":"default","ast-page-background-meta":{"desktop":{"background-color":"var(--ast-global-color-4)","background-image":"","background-repeat":"repeat","background-position":"center center","background-size":"auto","background-attachment":"scroll","background-type":"","background-media":"","overlay-type":"","overlay-color":"","overlay-opacity":"","overlay-gradient":""},"tablet":{"background-color":"","background-image":"","background-repeat":"repeat","background-position":"center center","background-size":"auto","background-attachment":"scroll","background-type":"","background-media":"","overlay-type":"","overlay-color":"","overlay-opacity":"","overlay-gradient":""},"mobile":{"background-color":"","background-image":"","background-repeat":"repeat","background-position":"center center","background-size":"auto","background-attachment":"scroll","background-type":"","background-media":"","overlay-type":"","overlay-color":"","overlay-opacity":"","overlay-gradient":""}},"ast-content-background-meta":{"desktop":{"background-color":"var(--ast-global-color-5)","background-image":"","background-repeat":"repeat","background-position":"center center","background-size":"auto","background-attachment":"scroll","background-type":"","background-media":"","overlay-type":"","overlay-color":"","overlay-opacity":"","overlay-gradient":""},"tablet":{"background-color":"var(--ast-global-color-5)","background-image":"","background-repeat":"repeat","background-position":"center center","background-size":"auto","background-attachment":"scroll","background-type":"","background-media":"","overlay-type":"","overlay-color":"","overlay-opacity":"","overlay-gradient":""},"mobile":{"background-color":"var(--ast-global-color-5)","background-image":"","background-repeat":"repeat","background-position":"center center","background-size":"auto","background-attachment":"scroll","background-type":"","background-media":"","overlay-type":"","overlay-color":"","overlay-opacity":"","overlay-gradient":""}}},"event_listing_category":[69],"class_list":["post-30091","event_listing","type-event_listing","status-publish","has-post-thumbnail","hentry","event_listing_category-casa-de-la-cultura-franz-tamayo"],"_links":{"self":[{"href":"https:\/\/lapaz.bo\/agendajiwaki\/wp-json\/wp\/v2\/event_listing\/30091","targetHints":{"allow":["GET"]}}],"collection":[{"href":"https:\/\/lapaz.bo\/agendajiwaki\/wp-json\/wp\/v2\/event_listing"}],"about":[{"href":"https:\/\/lapaz.bo\/agendajiwaki\/wp-json\/wp\/v2\/types\/event_listing"}],"wp:featuredmedia":[{"embeddable":true,"href":"https:\/\/lapaz.bo\/agendajiwaki\/wp-json\/wp\/v2\/media\/30092"}],"wp:attachment":[{"href":"https:\/\/lapaz.bo\/agendajiwaki\/wp-json\/wp\/v2\/media?parent=30091"}],"wp:term":[{"taxonomy":"event_listing_category","embeddable":true,"href":"https:\/\/lapaz.bo\/agendajiwaki\/wp-json\/wp\/v2\/event_listing_category?post=30091"}],"curies":[{"name":"wp","href":"https:\/\/api.w.org\/{rel}","templated":true}]}}

EXPOSICIÓN: PERSPECTIVAS Y ATMOSFERAS PACEÑAS

<p><strong>Dirección:</strong> Av. Mariscal Santa Cruz, ESQ. C. Potosí.</p>



<p><strong>Fecha</strong>: Jueves 18 de junio al viernes 10 de julio del 2026.</p>



<p><strong>Horario:</strong>&nbsp;18:00.</p>



<p>Muestra de 30 obras de arte realizadas en la técnica de la acuarela por el artista Abdel Pomacusi. </p>



<p>Quien a través de sus trabajos nos mostrará los lugares más transitados y conocidos de La Paz, alcanzando a apreciar el dominio que tiene del dibujo y manejo de la perspectiva, en sus calles, con sus subidas y bajadas. </p>



<p>Logrando captar las cambiantes atmósferas de los días lluviosos y los atardeceres soleados. Capturando no solo las atmósferas, sino también la cotidianeidad de quienes habitan la ciudad. </p>



<p>Creando imágenes entre lo reconocible y lo evocador.</p>



<p><strong>Contacto:</strong> 77706804.</p>



<p></p>
