{"id":30089,"date":"2026-04-27T16:55:49","date_gmt":"2026-04-27T20:55:49","guid":{"rendered":"https:\/\/lapaz.bo\/agendajiwaki\/?post_type=event_listing&#038;p=30089"},"modified":"2026-04-27T16:55:50","modified_gmt":"2026-04-27T20:55:50","slug":"exposicion-piel-sutil","status":"publish","type":"event_listing","link":"https:\/\/lapaz.bo\/agendajiwaki\/evento\/exposicion-piel-sutil\/","title":{"rendered":"EXPOSICI\u00d3N: PIEL SUTIL"},"content":{"rendered":"\n<p><strong>Direcci\u00f3n:<\/strong> Av. Mariscal Santa Cruz, ESQ. C. Potos\u00ed.<\/p>\n\n\n\n<p><strong>Fecha<\/strong>: Viernes 19 de junio al martes 07 de julio del 2026.<\/p>\n\n\n\n<p><strong>Horario:<\/strong>&nbsp;18:00.<\/p>\n\n\n\n<p>Muestra de 50 obras de arte bidimensionales, como tridimensionales, correspondientes a 15 artistas de trayectoria del colectivo &#8220;Convergencias&#8221;. <\/p>\n\n\n\n<p>Quienes, a trav\u00e9s de las diferentes t\u00e9cnicas art\u00edsticas, como la pintura, acuarela, acr\u00edlico, esculturas en madera y piedra, modelado en cer\u00e1mica y t\u00e9cnicas mixtas, nos revelar\u00e1n la belleza del cuerpo femenino, descubriendo la belleza interior que encierra.<\/p>\n\n\n\n<p><strong>Contacto:<\/strong> 70560715.<\/p>\n","protected":false},"featured_media":30090,"template":"","meta":{"_eb_attr":"","site-sidebar-layout":"default","site-content-layout":"","ast-site-content-layout":"default","site-content-style":"default","site-sidebar-style":"default","ast-global-header-display":"","ast-banner-title-visibility":"","ast-main-header-display":"","ast-hfb-above-header-display":"","ast-hfb-below-header-display":"","ast-hfb-mobile-header-display":"","site-post-title":"","ast-breadcrumbs-content":"","ast-featured-img":"disabled","footer-sml-layout":"","theme-transparent-header-meta":"","adv-header-id-meta":"","stick-header-meta":"","header-above-stick-meta":"","header-main-stick-meta":"","header-below-stick-meta":"","astra-migrate-meta-layouts":"set","ast-page-background-enabled":"default","ast-page-background-meta":{"desktop":{"background-color":"var(--ast-global-color-4)","background-image":"","background-repeat":"repeat","background-position":"center center","background-size":"auto","background-attachment":"scroll","background-type":"","background-media":"","overlay-type":"","overlay-color":"","overlay-opacity":"","overlay-gradient":""},"tablet":{"background-color":"","background-image":"","background-repeat":"repeat","background-position":"center center","background-size":"auto","background-attachment":"scroll","background-type":"","background-media":"","overlay-type":"","overlay-color":"","overlay-opacity":"","overlay-gradient":""},"mobile":{"background-color":"","background-image":"","background-repeat":"repeat","background-position":"center center","background-size":"auto","background-attachment":"scroll","background-type":"","background-media":"","overlay-type":"","overlay-color":"","overlay-opacity":"","overlay-gradient":""}},"ast-content-background-meta":{"desktop":{"background-color":"var(--ast-global-color-5)","background-image":"","background-repeat":"repeat","background-position":"center center","background-size":"auto","background-attachment":"scroll","background-type":"","background-media":"","overlay-type":"","overlay-color":"","overlay-opacity":"","overlay-gradient":""},"tablet":{"background-color":"var(--ast-global-color-5)","background-image":"","background-repeat":"repeat","background-position":"center center","background-size":"auto","background-attachment":"scroll","background-type":"","background-media":"","overlay-type":"","overlay-color":"","overlay-opacity":"","overlay-gradient":""},"mobile":{"background-color":"var(--ast-global-color-5)","background-image":"","background-repeat":"repeat","background-position":"center center","background-size":"auto","background-attachment":"scroll","background-type":"","background-media":"","overlay-type":"","overlay-color":"","overlay-opacity":"","overlay-gradient":""}}},"event_listing_category":[69],"class_list":["post-30089","event_listing","type-event_listing","status-publish","has-post-thumbnail","hentry","event_listing_category-casa-de-la-cultura-franz-tamayo"],"_links":{"self":[{"href":"https:\/\/lapaz.bo\/agendajiwaki\/wp-json\/wp\/v2\/event_listing\/30089","targetHints":{"allow":["GET"]}}],"collection":[{"href":"https:\/\/lapaz.bo\/agendajiwaki\/wp-json\/wp\/v2\/event_listing"}],"about":[{"href":"https:\/\/lapaz.bo\/agendajiwaki\/wp-json\/wp\/v2\/types\/event_listing"}],"wp:featuredmedia":[{"embeddable":true,"href":"https:\/\/lapaz.bo\/agendajiwaki\/wp-json\/wp\/v2\/media\/30090"}],"wp:attachment":[{"href":"https:\/\/lapaz.bo\/agendajiwaki\/wp-json\/wp\/v2\/media?parent=30089"}],"wp:term":[{"taxonomy":"event_listing_category","embeddable":true,"href":"https:\/\/lapaz.bo\/agendajiwaki\/wp-json\/wp\/v2\/event_listing_category?post=30089"}],"curies":[{"name":"wp","href":"https:\/\/api.w.org\/{rel}","templated":true}]}}

EXPOSICIÓN: PIEL SUTIL

<p><strong>Dirección:</strong> Av. Mariscal Santa Cruz, ESQ. C. Potosí.</p>



<p><strong>Fecha</strong>: Viernes 19 de junio al martes 07 de julio del 2026.</p>



<p><strong>Horario:</strong>&nbsp;18:00.</p>



<p>Muestra de 50 obras de arte bidimensionales, como tridimensionales, correspondientes a 15 artistas de trayectoria del colectivo &#8220;Convergencias&#8221;. </p>



<p>Quienes, a través de las diferentes técnicas artísticas, como la pintura, acuarela, acrílico, esculturas en madera y piedra, modelado en cerámica y técnicas mixtas, nos revelarán la belleza del cuerpo femenino, descubriendo la belleza interior que encierra.</p>



<p><strong>Contacto:</strong> 70560715.</p>
