{"id":30088,"date":"2026-04-27T16:54:43","date_gmt":"2026-04-27T20:54:43","guid":{"rendered":"https:\/\/lapaz.bo\/agendajiwaki\/?post_type=event_listing&#038;p=30088"},"modified":"2026-04-27T16:54:45","modified_gmt":"2026-04-27T20:54:45","slug":"exposicion-no-dejes-que-me-vaya-suplicas-de-la-materia","status":"publish","type":"event_listing","link":"https:\/\/lapaz.bo\/agendajiwaki\/evento\/exposicion-no-dejes-que-me-vaya-suplicas-de-la-materia\/","title":{"rendered":"EXPOSICI\u00d3N: NO DEJES QUE ME VAYA. S\u00daPLICAS DE LA MATERIA"},"content":{"rendered":"\n<p><strong>Direcci\u00f3n:<\/strong> Av. Mariscal Santa Cruz, ESQ. C. Potos\u00ed.<\/p>\n\n\n\n<p><strong>Fecha<\/strong>: Mi\u00e9rcoles 17 de junio al martes 07 de julio del 2026.<\/p>\n\n\n\n<p><strong>Horario:<\/strong>&nbsp;18:00.<\/p>\n\n\n\n<p>Muestra pict\u00f3rica figurativa del artista Brayan Ariel Vargas, que se centrar\u00e1 en la representaci\u00f3n del cuerpo humano como veh\u00edculo de emociones ligado a la fragilidad afectiva y al miedo a la soledad. <\/p>\n\n\n\n<p>Donde, a trav\u00e9s de composiciones, distintos cuerpos se fusionar\u00e1n y se entrelazar\u00e1n en movimiento, explorando la tensi\u00f3n entre el deseo de permanecer y la inevitable experiencia de la p\u00e9rdida.<\/p>\n\n\n\n<p><strong>Contacto:<\/strong> 70560715.<\/p>\n\n\n\n<p><\/p>\n","protected":false},"featured_media":30159,"template":"","meta":{"_eb_attr":"","site-sidebar-layout":"default","site-content-layout":"","ast-site-content-layout":"default","site-content-style":"default","site-sidebar-style":"default","ast-global-header-display":"","ast-banner-title-visibility":"","ast-main-header-display":"","ast-hfb-above-header-display":"","ast-hfb-below-header-display":"","ast-hfb-mobile-header-display":"","site-post-title":"","ast-breadcrumbs-content":"","ast-featured-img":"disabled","footer-sml-layout":"","theme-transparent-header-meta":"","adv-header-id-meta":"","stick-header-meta":"","header-above-stick-meta":"","header-main-stick-meta":"","header-below-stick-meta":"","astra-migrate-meta-layouts":"set","ast-page-background-enabled":"default","ast-page-background-meta":{"desktop":{"background-color":"var(--ast-global-color-4)","background-image":"","background-repeat":"repeat","background-position":"center center","background-size":"auto","background-attachment":"scroll","background-type":"","background-media":"","overlay-type":"","overlay-color":"","overlay-opacity":"","overlay-gradient":""},"tablet":{"background-color":"","background-image":"","background-repeat":"repeat","background-position":"center center","background-size":"auto","background-attachment":"scroll","background-type":"","background-media":"","overlay-type":"","overlay-color":"","overlay-opacity":"","overlay-gradient":""},"mobile":{"background-color":"","background-image":"","background-repeat":"repeat","background-position":"center center","background-size":"auto","background-attachment":"scroll","background-type":"","background-media":"","overlay-type":"","overlay-color":"","overlay-opacity":"","overlay-gradient":""}},"ast-content-background-meta":{"desktop":{"background-color":"var(--ast-global-color-5)","background-image":"","background-repeat":"repeat","background-position":"center center","background-size":"auto","background-attachment":"scroll","background-type":"","background-media":"","overlay-type":"","overlay-color":"","overlay-opacity":"","overlay-gradient":""},"tablet":{"background-color":"var(--ast-global-color-5)","background-image":"","background-repeat":"repeat","background-position":"center center","background-size":"auto","background-attachment":"scroll","background-type":"","background-media":"","overlay-type":"","overlay-color":"","overlay-opacity":"","overlay-gradient":""},"mobile":{"background-color":"var(--ast-global-color-5)","background-image":"","background-repeat":"repeat","background-position":"center center","background-size":"auto","background-attachment":"scroll","background-type":"","background-media":"","overlay-type":"","overlay-color":"","overlay-opacity":"","overlay-gradient":""}}},"event_listing_category":[69],"class_list":["post-30088","event_listing","type-event_listing","status-publish","has-post-thumbnail","hentry","event_listing_category-casa-de-la-cultura-franz-tamayo"],"_links":{"self":[{"href":"https:\/\/lapaz.bo\/agendajiwaki\/wp-json\/wp\/v2\/event_listing\/30088","targetHints":{"allow":["GET"]}}],"collection":[{"href":"https:\/\/lapaz.bo\/agendajiwaki\/wp-json\/wp\/v2\/event_listing"}],"about":[{"href":"https:\/\/lapaz.bo\/agendajiwaki\/wp-json\/wp\/v2\/types\/event_listing"}],"wp:featuredmedia":[{"embeddable":true,"href":"https:\/\/lapaz.bo\/agendajiwaki\/wp-json\/wp\/v2\/media\/30159"}],"wp:attachment":[{"href":"https:\/\/lapaz.bo\/agendajiwaki\/wp-json\/wp\/v2\/media?parent=30088"}],"wp:term":[{"taxonomy":"event_listing_category","embeddable":true,"href":"https:\/\/lapaz.bo\/agendajiwaki\/wp-json\/wp\/v2\/event_listing_category?post=30088"}],"curies":[{"name":"wp","href":"https:\/\/api.w.org\/{rel}","templated":true}]}}

EXPOSICIÓN: NO DEJES QUE ME VAYA. SÚPLICAS DE LA MATERIA

<p><strong>Dirección:</strong> Av. Mariscal Santa Cruz, ESQ. C. Potosí.</p>



<p><strong>Fecha</strong>: Miércoles 17 de junio al martes 07 de julio del 2026.</p>



<p><strong>Horario:</strong>&nbsp;18:00.</p>



<p>Muestra pictórica figurativa del artista Brayan Ariel Vargas, que se centrará en la representación del cuerpo humano como vehículo de emociones ligado a la fragilidad afectiva y al miedo a la soledad. </p>



<p>Donde, a través de composiciones, distintos cuerpos se fusionarán y se entrelazarán en movimiento, explorando la tensión entre el deseo de permanecer y la inevitable experiencia de la pérdida.</p>



<p><strong>Contacto:</strong> 70560715.</p>



<p></p>
