{"id":30086,"date":"2026-04-27T08:30:00","date_gmt":"2026-04-27T12:30:00","guid":{"rendered":"https:\/\/lapaz.bo\/agendajiwaki\/?post_type=event_listing&#038;p=30086"},"modified":"2026-04-02T08:26:14","modified_gmt":"2026-04-02T12:26:14","slug":"exposicion-lo-abyecto","status":"publish","type":"event_listing","link":"https:\/\/lapaz.bo\/agendajiwaki\/evento\/exposicion-lo-abyecto\/","title":{"rendered":"EXPOSICI\u00d3N: LO ABYECTO"},"content":{"rendered":"\n<p><strong>Direcci\u00f3n:<\/strong> Av. Mariscal Santa Cruz, ESQ. C. Potos\u00ed.<\/p>\n\n\n\n<p><strong>Fecha<\/strong>: Jueves 21 de mayo al viernes 12 de junio del 2026.<\/p>\n\n\n\n<p><strong>Horario:<\/strong>&nbsp;18:00.<\/p>\n\n\n\n<p>Muestra de obras de arte realizadas en las diferentes t\u00e9cnicas gr\u00e1ficas por el Colectivo Burilio Gubiardo, integrado por 13 artistas, quienes a trav\u00e9s de sus trabajos propondr\u00e1n una exploraci\u00f3n hacia aquello que suele generar rechazo, incomodidad o repulsi\u00f3n. <\/p>\n\n\n\n<p>Buscando con ello confrontar al espectador con aquello que normalmente se oculta o se considera desagradable, marginal e imperfecto. Cuestionando as\u00ed los l\u00edmites entre lo interno y lo externo del cuerpo. <\/p>\n\n\n\n<p>Invitando a reflexionar sobre la fragilidad y la dimensi\u00f3n m\u00e1s visceral de la experiencia humana.<\/p>\n\n\n\n<p><strong>Contacto:<\/strong> 70560715.<\/p>\n","protected":false},"featured_media":30087,"template":"","meta":{"_eb_attr":"","site-sidebar-layout":"default","site-content-layout":"","ast-site-content-layout":"default","site-content-style":"default","site-sidebar-style":"default","ast-global-header-display":"","ast-banner-title-visibility":"","ast-main-header-display":"","ast-hfb-above-header-display":"","ast-hfb-below-header-display":"","ast-hfb-mobile-header-display":"","site-post-title":"","ast-breadcrumbs-content":"","ast-featured-img":"disabled","footer-sml-layout":"","theme-transparent-header-meta":"","adv-header-id-meta":"","stick-header-meta":"","header-above-stick-meta":"","header-main-stick-meta":"","header-below-stick-meta":"","astra-migrate-meta-layouts":"set","ast-page-background-enabled":"default","ast-page-background-meta":{"desktop":{"background-color":"var(--ast-global-color-4)","background-image":"","background-repeat":"repeat","background-position":"center center","background-size":"auto","background-attachment":"scroll","background-type":"","background-media":"","overlay-type":"","overlay-color":"","overlay-opacity":"","overlay-gradient":""},"tablet":{"background-color":"","background-image":"","background-repeat":"repeat","background-position":"center center","background-size":"auto","background-attachment":"scroll","background-type":"","background-media":"","overlay-type":"","overlay-color":"","overlay-opacity":"","overlay-gradient":""},"mobile":{"background-color":"","background-image":"","background-repeat":"repeat","background-position":"center center","background-size":"auto","background-attachment":"scroll","background-type":"","background-media":"","overlay-type":"","overlay-color":"","overlay-opacity":"","overlay-gradient":""}},"ast-content-background-meta":{"desktop":{"background-color":"var(--ast-global-color-5)","background-image":"","background-repeat":"repeat","background-position":"center center","background-size":"auto","background-attachment":"scroll","background-type":"","background-media":"","overlay-type":"","overlay-color":"","overlay-opacity":"","overlay-gradient":""},"tablet":{"background-color":"var(--ast-global-color-5)","background-image":"","background-repeat":"repeat","background-position":"center center","background-size":"auto","background-attachment":"scroll","background-type":"","background-media":"","overlay-type":"","overlay-color":"","overlay-opacity":"","overlay-gradient":""},"mobile":{"background-color":"var(--ast-global-color-5)","background-image":"","background-repeat":"repeat","background-position":"center center","background-size":"auto","background-attachment":"scroll","background-type":"","background-media":"","overlay-type":"","overlay-color":"","overlay-opacity":"","overlay-gradient":""}}},"event_listing_category":[69],"class_list":["post-30086","event_listing","type-event_listing","status-publish","has-post-thumbnail","hentry","event_listing_category-casa-de-la-cultura-franz-tamayo"],"_links":{"self":[{"href":"https:\/\/lapaz.bo\/agendajiwaki\/wp-json\/wp\/v2\/event_listing\/30086","targetHints":{"allow":["GET"]}}],"collection":[{"href":"https:\/\/lapaz.bo\/agendajiwaki\/wp-json\/wp\/v2\/event_listing"}],"about":[{"href":"https:\/\/lapaz.bo\/agendajiwaki\/wp-json\/wp\/v2\/types\/event_listing"}],"wp:featuredmedia":[{"embeddable":true,"href":"https:\/\/lapaz.bo\/agendajiwaki\/wp-json\/wp\/v2\/media\/30087"}],"wp:attachment":[{"href":"https:\/\/lapaz.bo\/agendajiwaki\/wp-json\/wp\/v2\/media?parent=30086"}],"wp:term":[{"taxonomy":"event_listing_category","embeddable":true,"href":"https:\/\/lapaz.bo\/agendajiwaki\/wp-json\/wp\/v2\/event_listing_category?post=30086"}],"curies":[{"name":"wp","href":"https:\/\/api.w.org\/{rel}","templated":true}]}}

EXPOSICIÓN: LO ABYECTO

<p><strong>Dirección:</strong> Av. Mariscal Santa Cruz, ESQ. C. Potosí.</p>



<p><strong>Fecha</strong>: Jueves 21 de mayo al viernes 12 de junio del 2026.</p>



<p><strong>Horario:</strong>&nbsp;18:00.</p>



<p>Muestra de obras de arte realizadas en las diferentes técnicas gráficas por el Colectivo Burilio Gubiardo, integrado por 13 artistas, quienes a través de sus trabajos propondrán una exploración hacia aquello que suele generar rechazo, incomodidad o repulsión. </p>



<p>Buscando con ello confrontar al espectador con aquello que normalmente se oculta o se considera desagradable, marginal e imperfecto. Cuestionando así los límites entre lo interno y lo externo del cuerpo. </p>



<p>Invitando a reflexionar sobre la fragilidad y la dimensión más visceral de la experiencia humana.</p>



<p><strong>Contacto:</strong> 70560715.</p>
