{"id":30036,"date":"2026-04-27T08:30:00","date_gmt":"2026-04-27T12:30:00","guid":{"rendered":"https:\/\/lapaz.bo\/agendajiwaki\/?post_type=event_listing&#038;p=30036"},"modified":"2026-04-28T17:14:06","modified_gmt":"2026-04-28T21:14:06","slug":"exposicion-la-mina-identidad-y-memoria","status":"publish","type":"event_listing","link":"https:\/\/lapaz.bo\/agendajiwaki\/evento\/exposicion-la-mina-identidad-y-memoria\/","title":{"rendered":"EXPOSICI\u00d3N: LA MINA. IDENTIDAD Y MEMORIA"},"content":{"rendered":"\n<p><strong>Direcci\u00f3n:<\/strong>&nbsp;F. Av. Busch Plaza Villarroel Miraflores.<\/p>\n\n\n\n<p><strong>Fecha<\/strong>: Viernes 08 al s\u00e1bado 30 de mayo del 2026.<\/p>\n\n\n\n<p><strong>Horario:<\/strong>\u00a0Viernes 08 de mayo 17:00.<\/p>\n\n\n\n<p>Muestra de obras de arte realizadas en la especialidad de pintura, escultura y fotograf\u00eda por artistas consagrados y emergentes. <\/p>\n\n\n\n<p>Quienes, a trav\u00e9s de sus trabajos, nos invitar\u00e1n a explorar la figura del minero, la vida en los socavones y el impacto de la miner\u00eda en la construcci\u00f3n social y econ\u00f3mica de Bolivia. <\/p>\n\n\n\n<p>Esto con el objetivo de rendir tributo a la fuerza trabajadora del subsuelo.<\/p>\n\n\n\n<p><strong>Contacto:<\/strong> 73009075.<\/p>\n","protected":false},"featured_media":31066,"template":"","meta":{"_eb_attr":"","site-sidebar-layout":"default","site-content-layout":"","ast-site-content-layout":"default","site-content-style":"default","site-sidebar-style":"default","ast-global-header-display":"","ast-banner-title-visibility":"","ast-main-header-display":"","ast-hfb-above-header-display":"","ast-hfb-below-header-display":"","ast-hfb-mobile-header-display":"","site-post-title":"","ast-breadcrumbs-content":"","ast-featured-img":"disabled","footer-sml-layout":"","theme-transparent-header-meta":"","adv-header-id-meta":"","stick-header-meta":"","header-above-stick-meta":"","header-main-stick-meta":"","header-below-stick-meta":"","astra-migrate-meta-layouts":"set","ast-page-background-enabled":"default","ast-page-background-meta":{"desktop":{"background-color":"var(--ast-global-color-4)","background-image":"","background-repeat":"repeat","background-position":"center center","background-size":"auto","background-attachment":"scroll","background-type":"","background-media":"","overlay-type":"","overlay-color":"","overlay-opacity":"","overlay-gradient":""},"tablet":{"background-color":"","background-image":"","background-repeat":"repeat","background-position":"center center","background-size":"auto","background-attachment":"scroll","background-type":"","background-media":"","overlay-type":"","overlay-color":"","overlay-opacity":"","overlay-gradient":""},"mobile":{"background-color":"","background-image":"","background-repeat":"repeat","background-position":"center center","background-size":"auto","background-attachment":"scroll","background-type":"","background-media":"","overlay-type":"","overlay-color":"","overlay-opacity":"","overlay-gradient":""}},"ast-content-background-meta":{"desktop":{"background-color":"var(--ast-global-color-5)","background-image":"","background-repeat":"repeat","background-position":"center center","background-size":"auto","background-attachment":"scroll","background-type":"","background-media":"","overlay-type":"","overlay-color":"","overlay-opacity":"","overlay-gradient":""},"tablet":{"background-color":"var(--ast-global-color-5)","background-image":"","background-repeat":"repeat","background-position":"center center","background-size":"auto","background-attachment":"scroll","background-type":"","background-media":"","overlay-type":"","overlay-color":"","overlay-opacity":"","overlay-gradient":""},"mobile":{"background-color":"var(--ast-global-color-5)","background-image":"","background-repeat":"repeat","background-position":"center center","background-size":"auto","background-attachment":"scroll","background-type":"","background-media":"","overlay-type":"","overlay-color":"","overlay-opacity":"","overlay-gradient":""}}},"event_listing_category":[73],"class_list":["post-30036","event_listing","type-event_listing","status-publish","has-post-thumbnail","hentry","event_listing_category-museo-de-la-revolucion-nacional"],"_links":{"self":[{"href":"https:\/\/lapaz.bo\/agendajiwaki\/wp-json\/wp\/v2\/event_listing\/30036","targetHints":{"allow":["GET"]}}],"collection":[{"href":"https:\/\/lapaz.bo\/agendajiwaki\/wp-json\/wp\/v2\/event_listing"}],"about":[{"href":"https:\/\/lapaz.bo\/agendajiwaki\/wp-json\/wp\/v2\/types\/event_listing"}],"wp:featuredmedia":[{"embeddable":true,"href":"https:\/\/lapaz.bo\/agendajiwaki\/wp-json\/wp\/v2\/media\/31066"}],"wp:attachment":[{"href":"https:\/\/lapaz.bo\/agendajiwaki\/wp-json\/wp\/v2\/media?parent=30036"}],"wp:term":[{"taxonomy":"event_listing_category","embeddable":true,"href":"https:\/\/lapaz.bo\/agendajiwaki\/wp-json\/wp\/v2\/event_listing_category?post=30036"}],"curies":[{"name":"wp","href":"https:\/\/api.w.org\/{rel}","templated":true}]}}

EXPOSICIÓN: LA MINA. IDENTIDAD Y MEMORIA

<p><strong>Dirección:</strong>&nbsp;F. Av. Busch Plaza Villarroel Miraflores.</p>



<p><strong>Fecha</strong>: Viernes 08 al sábado 30 de mayo del 2026.</p>



<p><strong>Horario:</strong> Viernes 08 de mayo 17:00.</p>



<p>Muestra de obras de arte realizadas en la especialidad de pintura, escultura y fotografía por artistas consagrados y emergentes. </p>



<p>Quienes, a través de sus trabajos, nos invitarán a explorar la figura del minero, la vida en los socavones y el impacto de la minería en la construcción social y económica de Bolivia. </p>



<p>Esto con el objetivo de rendir tributo a la fuerza trabajadora del subsuelo.</p>



<p><strong>Contacto:</strong> 73009075.</p>
