{"id":30026,"date":"2026-04-27T08:30:00","date_gmt":"2026-04-27T12:30:00","guid":{"rendered":"https:\/\/lapaz.bo\/agendajiwaki\/?post_type=event_listing&#038;p=30026"},"modified":"2026-04-28T17:08:29","modified_gmt":"2026-04-28T21:08:29","slug":"exposicion-donde-el-sueno-toma-forma","status":"publish","type":"event_listing","link":"https:\/\/lapaz.bo\/agendajiwaki\/evento\/exposicion-donde-el-sueno-toma-forma\/","title":{"rendered":"EXPOSICI\u00d3N: DONDE EL SUE\u00d1O TOMA FORMA"},"content":{"rendered":"\n<p><strong>Direcci\u00f3n:<\/strong>&nbsp;Av. Sucre, ESQ. C. Apolinar Ja\u00e9n <\/p>\n\n\n\n<p><strong>Fecha<\/strong>: Mi\u00e9rcoles 13 de mayo al martes 02 de junio del 2026.<\/p>\n\n\n\n<p><strong>Horario:<\/strong>&nbsp;18:30.<\/p>\n\n\n\n<p>Muestra colectiva que re\u00fane a diversos artistas y miradas en torno a un territorio com\u00fan: el universo de lo on\u00edrico y lo fant\u00e1stico. <\/p>\n\n\n\n<p>Proponiendo, a trav\u00e9s de m\u00faltiples lenguajes visuales, un recorrido por el imaginario, donde la realidad se transforma y da paso a mundos posibles, nacidos de la intuici\u00f3n, la memoria y la imaginaci\u00f3n. Integrando obras realizadas en la especialidad de pintura, dibujo, grabado, cer\u00e1mica y escultura. <\/p>\n\n\n\n<p>T\u00e9cnicas art\u00edsticas que dialogan entre s\u00ed para construir un espacio de encuentro entre distintas sensibilidades, b\u00fasquedas est\u00e9ticas y procesos creativos.<\/p>\n\n\n\n<p>Cada obra se presenta como una puerta hacia lo intangible, donde los sue\u00f1os, las visiones y las narrativas personales adquieren materia, forma y presencia. Invitando al espectador a atravesar los l\u00edmites de lo cotidiano y sumergirse en un universo donde lo real y lo imaginado convergen. Donde el sue\u00f1o toma forma y se convierte en un espacio para la creaci\u00f3n art\u00edstica.<\/p>\n\n\n\n<p><strong>Contacto:<\/strong> 2280758.<\/p>\n","protected":false},"featured_media":31061,"template":"","meta":{"_eb_attr":"","site-sidebar-layout":"default","site-content-layout":"","ast-site-content-layout":"default","site-content-style":"default","site-sidebar-style":"default","ast-global-header-display":"","ast-banner-title-visibility":"","ast-main-header-display":"","ast-hfb-above-header-display":"","ast-hfb-below-header-display":"","ast-hfb-mobile-header-display":"","site-post-title":"","ast-breadcrumbs-content":"","ast-featured-img":"disabled","footer-sml-layout":"","theme-transparent-header-meta":"","adv-header-id-meta":"","stick-header-meta":"","header-above-stick-meta":"","header-main-stick-meta":"","header-below-stick-meta":"","astra-migrate-meta-layouts":"set","ast-page-background-enabled":"default","ast-page-background-meta":{"desktop":{"background-color":"var(--ast-global-color-4)","background-image":"","background-repeat":"repeat","background-position":"center center","background-size":"auto","background-attachment":"scroll","background-type":"","background-media":"","overlay-type":"","overlay-color":"","overlay-opacity":"","overlay-gradient":""},"tablet":{"background-color":"","background-image":"","background-repeat":"repeat","background-position":"center center","background-size":"auto","background-attachment":"scroll","background-type":"","background-media":"","overlay-type":"","overlay-color":"","overlay-opacity":"","overlay-gradient":""},"mobile":{"background-color":"","background-image":"","background-repeat":"repeat","background-position":"center center","background-size":"auto","background-attachment":"scroll","background-type":"","background-media":"","overlay-type":"","overlay-color":"","overlay-opacity":"","overlay-gradient":""}},"ast-content-background-meta":{"desktop":{"background-color":"var(--ast-global-color-5)","background-image":"","background-repeat":"repeat","background-position":"center center","background-size":"auto","background-attachment":"scroll","background-type":"","background-media":"","overlay-type":"","overlay-color":"","overlay-opacity":"","overlay-gradient":""},"tablet":{"background-color":"var(--ast-global-color-5)","background-image":"","background-repeat":"repeat","background-position":"center center","background-size":"auto","background-attachment":"scroll","background-type":"","background-media":"","overlay-type":"","overlay-color":"","overlay-opacity":"","overlay-gradient":""},"mobile":{"background-color":"var(--ast-global-color-5)","background-image":"","background-repeat":"repeat","background-position":"center center","background-size":"auto","background-attachment":"scroll","background-type":"","background-media":"","overlay-type":"","overlay-color":"","overlay-opacity":"","overlay-gradient":""}}},"event_listing_category":[72],"class_list":["post-30026","event_listing","type-event_listing","status-publish","has-post-thumbnail","hentry","event_listing_category-museo-costumbrista-juan-de-vargas"],"_links":{"self":[{"href":"https:\/\/lapaz.bo\/agendajiwaki\/wp-json\/wp\/v2\/event_listing\/30026","targetHints":{"allow":["GET"]}}],"collection":[{"href":"https:\/\/lapaz.bo\/agendajiwaki\/wp-json\/wp\/v2\/event_listing"}],"about":[{"href":"https:\/\/lapaz.bo\/agendajiwaki\/wp-json\/wp\/v2\/types\/event_listing"}],"wp:featuredmedia":[{"embeddable":true,"href":"https:\/\/lapaz.bo\/agendajiwaki\/wp-json\/wp\/v2\/media\/31061"}],"wp:attachment":[{"href":"https:\/\/lapaz.bo\/agendajiwaki\/wp-json\/wp\/v2\/media?parent=30026"}],"wp:term":[{"taxonomy":"event_listing_category","embeddable":true,"href":"https:\/\/lapaz.bo\/agendajiwaki\/wp-json\/wp\/v2\/event_listing_category?post=30026"}],"curies":[{"name":"wp","href":"https:\/\/api.w.org\/{rel}","templated":true}]}}

EXPOSICIÓN: DONDE EL SUEÑO TOMA FORMA

<p><strong>Dirección:</strong>&nbsp;Av. Sucre, ESQ. C. Apolinar Jaén </p>



<p><strong>Fecha</strong>: Miércoles 13 de mayo al martes 02 de junio del 2026.</p>



<p><strong>Horario:</strong>&nbsp;18:30.</p>



<p>Muestra colectiva que reúne a diversos artistas y miradas en torno a un territorio común: el universo de lo onírico y lo fantástico. </p>



<p>Proponiendo, a través de múltiples lenguajes visuales, un recorrido por el imaginario, donde la realidad se transforma y da paso a mundos posibles, nacidos de la intuición, la memoria y la imaginación. Integrando obras realizadas en la especialidad de pintura, dibujo, grabado, cerámica y escultura. </p>



<p>Técnicas artísticas que dialogan entre sí para construir un espacio de encuentro entre distintas sensibilidades, búsquedas estéticas y procesos creativos.</p>



<p>Cada obra se presenta como una puerta hacia lo intangible, donde los sueños, las visiones y las narrativas personales adquieren materia, forma y presencia. Invitando al espectador a atravesar los límites de lo cotidiano y sumergirse en un universo donde lo real y lo imaginado convergen. Donde el sueño toma forma y se convierte en un espacio para la creación artística.</p>



<p><strong>Contacto:</strong> 2280758.</p>
